Last updated on 2023-11-28 13:50:58 CET.
Flavor | Version | Tinstall | Tcheck | Ttotal | Status | Flags |
---|---|---|---|---|---|---|
r-devel-linux-x86_64-debian-clang | 1.3.0 | 10.67 | 104.90 | 115.57 | NOTE | |
r-devel-linux-x86_64-debian-gcc | 1.3.0 | 7.09 | 75.52 | 82.61 | NOTE | |
r-devel-linux-x86_64-fedora-clang | 1.3.0 | 138.90 | NOTE | |||
r-devel-linux-x86_64-fedora-gcc | 1.3.0 | 146.10 | NOTE | |||
r-devel-windows-x86_64 | 1.3.0 | 11.00 | 98.00 | 109.00 | NOTE | |
r-patched-linux-x86_64 | 1.3.0 | 8.23 | 97.98 | 106.21 | NOTE | |
r-release-linux-x86_64 | 1.3.0 | 6.35 | 97.93 | 104.28 | NOTE | |
r-release-macos-arm64 | 1.3.0 | 44.00 | NOTE | |||
r-release-macos-x86_64 | 1.3.0 | 82.00 | NOTE | |||
r-release-windows-x86_64 | 1.3.0 | 13.00 | 111.00 | 124.00 | NOTE | |
r-oldrel-macos-arm64 | 1.3.0 | 34.00 | NOTE | |||
r-oldrel-macos-x86_64 | 1.3.0 | 83.00 | NOTE | |||
r-oldrel-windows-x86_64 | 1.3.0 | 14.00 | 122.00 | 136.00 | NOTE |
Version: 1.3.0
Check: LazyData
Result: NOTE
'LazyData' is specified without a 'data' directory
Flavors: r-devel-linux-x86_64-debian-clang, r-devel-linux-x86_64-debian-gcc, r-devel-linux-x86_64-fedora-clang, r-devel-linux-x86_64-fedora-gcc, r-devel-windows-x86_64, r-patched-linux-x86_64, r-release-linux-x86_64, r-release-macos-arm64, r-release-macos-x86_64, r-release-windows-x86_64, r-oldrel-macos-arm64, r-oldrel-macos-x86_64, r-oldrel-windows-x86_64