CRAN Package Check Results for Package link2GI

Last updated on 2022-07-03 11:53:41 CEST.

Flavor Version Tinstall Tcheck Ttotal Status Flags
r-devel-linux-x86_64-debian-clang 0.4-7 12.13 121.56 133.69 OK
r-devel-linux-x86_64-debian-gcc 0.4-7 10.09 91.67 101.76 OK
r-devel-linux-x86_64-fedora-clang 0.4-7 175.03 NOTE
r-devel-linux-x86_64-fedora-gcc 0.4-7 180.89 NOTE
r-devel-windows-x86_64 0.4-7 39.00 161.00 200.00 OK
r-patched-linux-x86_64 0.4-7 19.41 115.43 134.84 OK
r-release-linux-x86_64 0.4-7 10.76 116.42 127.18 OK
r-release-macos-arm64 0.4-7 47.00 NOTE
r-release-macos-x86_64 0.4-7 90.00 NOTE
r-release-windows-x86_64 0.4-7 30.00 159.00 189.00 OK
r-oldrel-macos-arm64 0.4-7 55.00 NOTE
r-oldrel-macos-x86_64 0.4-7 56.00 NOTE
r-oldrel-windows-ix86+x86_64 0.4-7 33.00 148.00 181.00 OK

Check Details

Version: 0.4-7
Check: dependencies in R code
Result: NOTE
    Namespace in Imports field not imported from: ‘methods’
     All declared Imports should be used.
Flavors: r-devel-linux-x86_64-fedora-clang, r-devel-linux-x86_64-fedora-gcc, r-release-macos-arm64, r-release-macos-x86_64, r-oldrel-macos-arm64, r-oldrel-macos-x86_64