CRAN Package Check Results for Package lineartestr

Last updated on 2022-06-27 11:50:47 CEST.

Flavor Version Tinstall Tcheck Ttotal Status Flags
r-devel-linux-x86_64-debian-clang 1.0.0 2.75 37.98 40.73 NOTE
r-devel-linux-x86_64-debian-gcc 1.0.0 1.88 28.93 30.81 NOTE
r-devel-linux-x86_64-fedora-clang 1.0.0 59.34 NOTE
r-devel-linux-x86_64-fedora-gcc 1.0.0 57.02 NOTE
r-devel-windows-x86_64 1.0.0 29.00 67.00 96.00 NOTE
r-patched-linux-x86_64 1.0.0 2.01 36.47 38.48 NOTE
r-release-linux-x86_64 1.0.0 1.77 37.00 38.77 NOTE
r-release-macos-arm64 1.0.0 16.00 NOTE
r-release-macos-x86_64 1.0.0 35.00 NOTE
r-release-windows-x86_64 1.0.0 28.00 66.00 94.00 NOTE
r-oldrel-macos-arm64 1.0.0 25.00 NOTE
r-oldrel-macos-x86_64 1.0.0 34.00 NOTE
r-oldrel-windows-ix86+x86_64 1.0.0 7.00 63.00 70.00 NOTE

Check Details

Version: 1.0.0
Check: LazyData
Result: NOTE
     'LazyData' is specified without a 'data' directory
Flavors: r-devel-linux-x86_64-debian-clang, r-devel-linux-x86_64-debian-gcc, r-devel-linux-x86_64-fedora-clang, r-devel-linux-x86_64-fedora-gcc, r-devel-windows-x86_64, r-patched-linux-x86_64, r-release-linux-x86_64, r-release-macos-arm64, r-release-macos-x86_64, r-release-windows-x86_64, r-oldrel-macos-arm64, r-oldrel-macos-x86_64, r-oldrel-windows-ix86+x86_64