Last updated on 2024-04-18 12:52:49 CEST.
Flavor | Version | Tinstall | Tcheck | Ttotal | Status | Flags |
---|---|---|---|---|---|---|
r-devel-linux-x86_64-debian-clang | 1.0 | 8.42 | 87.59 | 96.01 | OK | |
r-devel-linux-x86_64-debian-gcc | 1.0 | 6.91 | 66.25 | 73.16 | OK | |
r-devel-linux-x86_64-fedora-clang | 1.0 | 116.62 | NOTE | |||
r-devel-linux-x86_64-fedora-gcc | 1.0 | 112.29 | NOTE | |||
r-prerel-macos-arm64 | 1.0 | 40.00 | OK | |||
r-prerel-windows-x86_64 | 1.0 | 9.00 | 85.00 | 94.00 | OK | |
r-patched-linux-x86_64 | 1.0 | 9.05 | 81.04 | 90.09 | OK | |
r-release-linux-x86_64 | 1.0 | 9.64 | 83.99 | 93.63 | OK | |
r-release-macos-arm64 | 1.0 | 44.00 | OK | |||
r-release-macos-x86_64 | 1.0 | 69.00 | OK | |||
r-release-windows-x86_64 | 1.0 | 12.00 | 99.00 | 111.00 | OK | |
r-oldrel-macos-arm64 | 1.0 | 44.00 | OK | |||
r-oldrel-windows-x86_64 | 1.0 | 11.00 | 98.00 | 109.00 | OK |
Version: 1.0
Check: compiled code
Result: NOTE
File ‘linERR/libs/linERR.so’:
Found no calls to: ‘R_registerRoutines’, ‘R_useDynamicSymbols’
It is good practice to register native routines and to disable symbol
search.
See ‘Writing portable packages’ in the ‘Writing R Extensions’ manual.
Flavors: r-devel-linux-x86_64-fedora-clang, r-devel-linux-x86_64-fedora-gcc