Last updated on 2022-07-04 12:54:13 CEST.
Flavor | Version | Tinstall | Tcheck | Ttotal | Status | Flags |
---|---|---|---|---|---|---|
r-devel-linux-x86_64-debian-clang | 1.0 | 8.82 | 84.34 | 93.16 | OK | |
r-devel-linux-x86_64-debian-gcc | 1.0 | 7.38 | 66.18 | 73.56 | OK | |
r-devel-linux-x86_64-fedora-clang | 1.0 | 127.62 | NOTE | |||
r-devel-linux-x86_64-fedora-gcc | 1.0 | 125.38 | NOTE | |||
r-devel-windows-x86_64 | 1.0 | 18.00 | 108.00 | 126.00 | OK | |
r-patched-linux-x86_64 | 1.0 | 7.94 | 82.98 | 90.92 | OK | |
r-release-linux-x86_64 | 1.0 | 8.33 | 84.42 | 92.75 | OK | |
r-release-macos-arm64 | 1.0 | 39.00 | OK | |||
r-release-macos-x86_64 | 1.0 | 53.00 | OK | |||
r-release-windows-x86_64 | 1.0 | 18.00 | 110.00 | 128.00 | OK | |
r-oldrel-macos-arm64 | 1.0 | 49.00 | OK | |||
r-oldrel-macos-x86_64 | 1.0 | 73.00 | OK | |||
r-oldrel-windows-ix86+x86_64 | 1.0 | 19.00 | 153.00 | 172.00 | OK |
Version: 1.0
Check: compiled code
Result: NOTE
File ‘linERR/libs/linERR.so’:
Found no calls to: ‘R_registerRoutines’, ‘R_useDynamicSymbols’
It is good practice to register native routines and to disable symbol
search.
See ‘Writing portable packages’ in the ‘Writing R Extensions’ manual.
Flavors: r-devel-linux-x86_64-fedora-clang, r-devel-linux-x86_64-fedora-gcc