Last updated on 2024-03-28 09:51:46 CET.
Flavor | Version | Tinstall | Tcheck | Ttotal | Status | Flags |
---|---|---|---|---|---|---|
r-devel-linux-x86_64-debian-clang | 1.3.5 | 7.80 | 74.84 | 82.64 | OK | |
r-devel-linux-x86_64-debian-gcc | 1.3.5 | 7.10 | 58.25 | 65.35 | OK | |
r-devel-linux-x86_64-fedora-clang | 1.3.5 | 112.60 | NOTE | |||
r-devel-linux-x86_64-fedora-gcc | 1.3.5 | 119.00 | NOTE | |||
r-devel-windows-x86_64 | 1.3.5 | 9.00 | 87.00 | 96.00 | OK | |
r-patched-linux-x86_64 | 1.3.5 | 10.93 | 75.27 | 86.20 | OK | |
r-release-linux-x86_64 | 1.3.5 | 6.60 | 72.60 | 79.20 | OK | |
r-release-macos-arm64 | 1.3.5 | 44.00 | OK | |||
r-release-macos-x86_64 | 1.3.5 | 65.00 | OK | |||
r-release-windows-x86_64 | 1.3.5 | 12.00 | 94.00 | 106.00 | OK | |
r-oldrel-macos-arm64 | 1.3.5 | 36.00 | NOTE | |||
r-oldrel-windows-x86_64 | 1.3.5 | 12.00 | 99.00 | 111.00 | OK |
Version: 1.3.5
Check: data for non-ASCII characters
Result: NOTE
Note: found 7 marked UTF-8 strings
Flavors: r-devel-linux-x86_64-fedora-clang, r-devel-linux-x86_64-fedora-gcc, r-oldrel-macos-arm64