CRAN Package Check Results for Package likelihoodExplore

Last updated on 2022-07-06 12:53:38 CEST.

Flavor Version Tinstall Tcheck Ttotal Status Flags
r-devel-linux-x86_64-debian-clang 0.1.0 2.28 31.22 33.50 NOTE
r-devel-linux-x86_64-debian-gcc 0.1.0 3.07 24.11 27.18 NOTE
r-devel-linux-x86_64-fedora-clang 0.1.0 52.30 NOTE
r-devel-linux-x86_64-fedora-gcc 0.1.0 51.78 NOTE
r-devel-windows-x86_64 0.1.0 40.00 56.00 96.00 NOTE
r-patched-linux-x86_64 0.1.0 3.51 30.55 34.06 NOTE
r-release-linux-x86_64 0.1.0 2.24 31.00 33.24 NOTE
r-release-macos-arm64 0.1.0 20.00 NOTE
r-release-macos-x86_64 0.1.0 25.00 NOTE
r-release-windows-x86_64 0.1.0 31.00 63.00 94.00 NOTE
r-oldrel-macos-arm64 0.1.0 19.00 NOTE
r-oldrel-macos-x86_64 0.1.0 35.00 NOTE
r-oldrel-windows-ix86+x86_64 0.1.0 9.00 55.00 64.00 NOTE

Check Details

Version: 0.1.0
Check: LazyData
Result: NOTE
     'LazyData' is specified without a 'data' directory
Flavors: r-devel-linux-x86_64-debian-clang, r-devel-linux-x86_64-debian-gcc, r-devel-linux-x86_64-fedora-clang, r-devel-linux-x86_64-fedora-gcc, r-devel-windows-x86_64, r-patched-linux-x86_64, r-release-linux-x86_64, r-release-macos-arm64, r-release-macos-x86_64, r-release-windows-x86_64, r-oldrel-macos-arm64, r-oldrel-macos-x86_64, r-oldrel-windows-ix86+x86_64