Last updated on 2024-04-23 10:54:07 CEST.
Flavor | Version | Tinstall | Tcheck | Ttotal | Status | Flags |
---|---|---|---|---|---|---|
r-devel-linux-x86_64-debian-clang | 1.7.1 | 5.43 | 76.10 | 81.53 | OK | |
r-devel-linux-x86_64-debian-gcc | 1.7.1 | 4.05 | 57.43 | 61.48 | OK | |
r-devel-linux-x86_64-fedora-clang | 1.7.1 | 99.72 | NOTE | |||
r-devel-linux-x86_64-fedora-gcc | 1.7.1 | 110.53 | OK | |||
r-prerel-macos-arm64 | 1.7.1 | 43.00 | OK | |||
r-prerel-macos-x86_64 | 1.7.1 | 145.00 | OK | |||
r-prerel-windows-x86_64 | 1.7.1 | 6.00 | 84.00 | 90.00 | OK | |
r-patched-linux-x86_64 | 1.7.1 | 5.31 | 72.73 | 78.04 | OK | |
r-release-linux-x86_64 | 1.7.1 | 6.05 | 71.30 | 77.35 | OK | |
r-release-macos-arm64 | 1.7.1 | 51.00 | OK | |||
r-release-macos-x86_64 | 1.7.1 | 113.00 | OK | |||
r-release-windows-x86_64 | 1.7.1 | 8.00 | 92.00 | 100.00 | OK | |
r-oldrel-macos-arm64 | 1.7.1 | 58.00 | OK | |||
r-oldrel-windows-x86_64 | 1.7.1 | 7.00 | 98.00 | 105.00 | OK |
Version: 1.7.1
Check: Rd cross-references
Result: NOTE
Undeclared package ‘future’ in Rd xrefs
Flavor: r-devel-linux-x86_64-fedora-clang