CRAN Package Check Results for Package libgeos

Last updated on 2022-08-17 12:55:17 CEST.

Flavor Version Tinstall Tcheck Ttotal Status Flags
r-devel-linux-x86_64-debian-clang 3.11.0-1 695.17 25.83 721.00 OK
r-devel-linux-x86_64-debian-gcc 3.11.0-1 OK
r-devel-linux-x86_64-fedora-clang 3.11.0-1 1208.65 OK
r-devel-linux-x86_64-fedora-gcc 3.11.0-1 978.95 OK
r-devel-windows-x86_64 3.11.0-1 2065.00 119.00 2184.00 OK
r-patched-linux-x86_64 3.11.0-1 578.60 24.45 603.05 OK
r-release-linux-x86_64 3.11.0-1 586.17 24.56 610.73 OK
r-release-macos-arm64 3.11.0-1 251.00 NOTE
r-release-macos-x86_64 3.11.0-1 339.00 NOTE
r-release-windows-x86_64 3.11.0-1 1327.00 115.00 1442.00 OK
r-oldrel-macos-arm64 3.11.0-1 249.00 NOTE
r-oldrel-macos-x86_64 3.11.0-1 347.00 NOTE
r-oldrel-windows-ix86+x86_64 3.11.0-1 1634.00 99.00 1733.00 NOTE

Check Details

Version: 3.11.0-1
Check: installed package size
Result: NOTE
     installed size is 45.4Mb
     sub-directories of 1Mb or more:
     libs 45.3Mb
Flavors: r-release-macos-arm64, r-release-macos-x86_64, r-oldrel-macos-arm64, r-oldrel-macos-x86_64, r-oldrel-windows-ix86+x86_64