Last updated on 2024-04-19 11:56:50 CEST.
Flavor | Version | Tinstall | Tcheck | Ttotal | Status | Flags |
---|---|---|---|---|---|---|
r-devel-linux-x86_64-debian-clang | 1.6.4 | 5.44 | 57.84 | 63.28 | OK | |
r-devel-linux-x86_64-debian-gcc | 1.6.4 | OK | ||||
r-devel-linux-x86_64-fedora-clang | 1.6.4 | 81.29 | NOTE | |||
r-devel-linux-x86_64-fedora-gcc | 1.6.4 | 90.04 | NOTE | |||
r-prerel-macos-arm64 | 1.6.4 | 32.00 | OK | |||
r-prerel-windows-x86_64 | 1.6.4 | 6.00 | 76.00 | 82.00 | OK | |
r-patched-linux-x86_64 | 1.6.4 | 6.04 | 56.47 | 62.51 | OK | |
r-release-linux-x86_64 | 1.6.4 | 3.92 | 54.34 | 58.26 | OK | |
r-release-macos-arm64 | 1.6.4 | 31.00 | OK | |||
r-release-macos-x86_64 | 1.6.4 | 51.00 | OK | |||
r-release-windows-x86_64 | 1.6.4 | 7.00 | 81.00 | 88.00 | OK | |
r-oldrel-macos-arm64 | 1.6.4 | 29.00 | NOTE | |||
r-oldrel-windows-x86_64 | 1.6.4 | 8.00 | 77.00 | 85.00 | OK |
Version: 1.6.4
Check: data for non-ASCII characters
Result: NOTE
Note: found 22 marked UTF-8 strings
Flavors: r-devel-linux-x86_64-fedora-clang, r-devel-linux-x86_64-fedora-gcc, r-oldrel-macos-arm64