Last updated on 2024-04-19 11:56:50 CEST.
Flavor | Version | Tinstall | Tcheck | Ttotal | Status | Flags |
---|---|---|---|---|---|---|
r-devel-linux-x86_64-debian-clang | 1.2.4 | 668.78 | 284.46 | 953.24 | NOTE | |
r-devel-linux-x86_64-debian-gcc | 1.2.4 | NOTE | ||||
r-devel-linux-x86_64-fedora-clang | 1.2.4 | 1130.91 | NOTE | |||
r-devel-linux-x86_64-fedora-gcc | 1.2.4 | 1496.72 | NOTE | |||
r-prerel-macos-arm64 | 1.2.4 | 282.00 | NOTE | |||
r-prerel-windows-x86_64 | 1.2.4 | 482.00 | 261.00 | 743.00 | NOTE | |
r-patched-linux-x86_64 | 1.2.4 | 506.03 | 341.86 | 847.89 | NOTE | |
r-release-linux-x86_64 | 1.2.4 | 534.82 | 344.49 | 879.31 | NOTE | |
r-release-macos-arm64 | 1.2.4 | 350.00 | NOTE | |||
r-release-macos-x86_64 | 1.2.4 | 628.00 | NOTE | |||
r-release-windows-x86_64 | 1.2.4 | 641.00 | 329.00 | 970.00 | NOTE | |
r-oldrel-macos-arm64 | 1.2.4 | 315.00 | NOTE | |||
r-oldrel-windows-x86_64 | 1.2.4 | 629.00 | 302.00 | 931.00 | NOTE |
Version: 1.2.4
Check: Rd files
Result: NOTE
checkRd: (-1) prior_to_num.Rd:13: Lost braces; missing escapes or markup?
13 | {'uniform', 'normal', 'student-t', 'gamma', 'inv-gamma', 'log-normal'}
| ^
Flavors: r-devel-linux-x86_64-debian-clang, r-devel-linux-x86_64-debian-gcc, r-devel-linux-x86_64-fedora-clang, r-devel-linux-x86_64-fedora-gcc, r-prerel-macos-arm64, r-prerel-windows-x86_64, r-patched-linux-x86_64
Version: 1.2.4
Check: for GNU extensions in Makefiles
Result: NOTE
GNU make is a SystemRequirements.
Flavors: r-devel-linux-x86_64-debian-clang, r-devel-linux-x86_64-debian-gcc, r-devel-linux-x86_64-fedora-clang, r-devel-linux-x86_64-fedora-gcc, r-prerel-macos-arm64, r-prerel-windows-x86_64, r-patched-linux-x86_64, r-release-linux-x86_64, r-release-macos-arm64, r-release-macos-x86_64, r-release-windows-x86_64, r-oldrel-macos-arm64, r-oldrel-windows-x86_64
Version: 1.2.4
Check: installed package size
Result: NOTE
installed size is 7.1Mb
sub-directories of 1Mb or more:
libs 5.8Mb
Flavors: r-devel-linux-x86_64-fedora-clang, r-prerel-macos-arm64, r-prerel-windows-x86_64, r-release-macos-arm64, r-release-macos-x86_64, r-release-windows-x86_64, r-oldrel-macos-arm64, r-oldrel-windows-x86_64