Last updated on 2024-04-18 12:52:49 CEST.
Flavor | Version | Tinstall | Tcheck | Ttotal | Status | Flags |
---|---|---|---|---|---|---|
r-devel-linux-x86_64-debian-clang | 1.2.1 | 5.83 | 41.67 | 47.50 | NOTE | |
r-devel-linux-x86_64-debian-gcc | 1.2.1 | 6.60 | 32.09 | 38.69 | NOTE | |
r-devel-linux-x86_64-fedora-clang | 1.2.1 | 61.80 | NOTE | |||
r-devel-linux-x86_64-fedora-gcc | 1.2.1 | 58.58 | NOTE | |||
r-prerel-macos-arm64 | 1.2.1 | 24.00 | NOTE | |||
r-prerel-windows-x86_64 | 1.2.1 | 10.00 | 58.00 | 68.00 | NOTE | |
r-patched-linux-x86_64 | 1.2.1 | 7.71 | 40.50 | 48.21 | NOTE | |
r-release-linux-x86_64 | 1.2.1 | 5.74 | 39.36 | 45.10 | OK | |
r-release-macos-arm64 | 1.2.1 | 26.00 | OK | |||
r-release-macos-x86_64 | 1.2.1 | 34.00 | OK | |||
r-release-windows-x86_64 | 1.2.1 | 12.00 | 62.00 | 74.00 | OK | |
r-oldrel-macos-arm64 | 1.2.1 | 24.00 | OK | |||
r-oldrel-windows-x86_64 | 1.2.1 | 12.00 | 63.00 | 75.00 | OK |
Version: 1.2.1
Check: Rd files
Result: NOTE
checkRd: (-1) hash_sentiment_slangsd.Rd:28-37: Lost braces
28 | article{DBLP:journals/corr/Wu-etal16,
| ^
checkRd: (-1) hash_sentiment_slangsd.Rd:29: Lost braces; missing escapes or markup?
29 | author = {Liang Wu and Fred Morstatter and Huan Liu},
| ^
checkRd: (-1) hash_sentiment_slangsd.Rd:30-31: Lost braces
30 | title = {SlangSD: Building and Using a Sentiment Dictionary of Slang
| ^
checkRd: (-1) hash_sentiment_slangsd.Rd:32: Lost braces; missing escapes or markup?
32 | journal = {CoRR},
| ^
checkRd: (-1) hash_sentiment_slangsd.Rd:33: Lost braces; missing escapes or markup?
33 | volume = {abs/1608.05129},
| ^
checkRd: (-1) hash_sentiment_slangsd.Rd:34: Lost braces; missing escapes or markup?
34 | year = {2016},
| ^
checkRd: (-1) hash_sentiment_slangsd.Rd:35: Lost braces; missing escapes or markup?
35 | url = {http://arxiv.org/abs/1608.05129},
| ^
checkRd: (-1) hash_sentiment_slangsd.Rd:36: Lost braces; missing escapes or markup?
36 | timestamp = {Wed, 17 Aug 2016 23:32:57 GMT}
| ^
checkRd: (-1) sw_python.Rd:32: Lost braces; missing escapes or markup?
32 | * Neither the name of the {organization} nor the names of its
| ^
Flavors: r-devel-linux-x86_64-debian-clang, r-devel-linux-x86_64-debian-gcc, r-devel-linux-x86_64-fedora-clang, r-devel-linux-x86_64-fedora-gcc, r-prerel-macos-arm64, r-prerel-windows-x86_64, r-patched-linux-x86_64