CRAN Package Check Results for Package lessR

Last updated on 2022-06-25 10:53:06 CEST.

Flavor Version Tinstall Tcheck Ttotal Status Flags
r-devel-linux-x86_64-debian-clang 4.2.0 37.69 270.65 308.34 NOTE
r-devel-linux-x86_64-debian-gcc 4.2.0 34.04 201.88 235.92 NOTE
r-devel-linux-x86_64-fedora-clang 4.2.0 384.99 NOTE
r-devel-linux-x86_64-fedora-gcc 4.2.0 384.53 NOTE
r-devel-windows-x86_64 4.2.0 103.00 328.00 431.00 NOTE
r-patched-linux-x86_64 4.2.0 42.29 257.88 300.17 OK
r-release-linux-x86_64 4.2.0 36.40 257.54 293.94 OK
r-release-macos-arm64 4.2.0 101.00 NOTE
r-release-macos-x86_64 4.2.0 147.00 NOTE
r-release-windows-x86_64 4.2.0 107.00 340.00 447.00 NOTE
r-oldrel-macos-arm64 4.2.0 99.00 NOTE
r-oldrel-macos-x86_64 4.2.0 154.00 NOTE
r-oldrel-windows-ix86+x86_64 4.2.0 65.00 327.00 392.00 NOTE

Check Details

Version: 4.2.0
Check: Rd files
Result: NOTE
    checkRd: (-1) Nest.Rd:43: Escaped LaTeX specials: \$
    checkRd: (-1) Regression.Rd:224: Escaped LaTeX specials: \$
    checkRd: (-1) Regression.Rd:268: Escaped LaTeX specials: \$
    checkRd: (-1) corEFA.Rd:46: Escaped LaTeX specials: \$
    checkRd: (-1) extractData.Rd:24: Escaped LaTeX specials: \$
Flavors: r-devel-linux-x86_64-debian-clang, r-devel-linux-x86_64-debian-gcc, r-devel-linux-x86_64-fedora-clang, r-devel-linux-x86_64-fedora-gcc, r-devel-windows-x86_64

Version: 4.2.0
Check: installed package size
Result: NOTE
     installed size is 8.3Mb
     sub-directories of 1Mb or more:
     R 1.3Mb
     doc 5.8Mb
Flavors: r-devel-linux-x86_64-fedora-clang, r-devel-windows-x86_64, r-release-macos-arm64, r-release-macos-x86_64, r-release-windows-x86_64, r-oldrel-macos-arm64, r-oldrel-macos-x86_64, r-oldrel-windows-ix86+x86_64