Last updated on 2025-04-29 12:52:40 CEST.
Flavor | Version | Tinstall | Tcheck | Ttotal | Status | Flags |
---|---|---|---|---|---|---|
r-devel-linux-x86_64-debian-clang | 2.0-7 | 1.99 | 26.50 | 28.49 | NOTE | |
r-devel-linux-x86_64-debian-gcc | 2.0-7 | 1.72 | 21.16 | 22.88 | NOTE | |
r-devel-linux-x86_64-fedora-clang | 2.0-7 | 45.24 | OK | |||
r-devel-linux-x86_64-fedora-gcc | 2.0-7 | 57.53 | OK | |||
r-devel-windows-x86_64 | 2.0-7 | 3.00 | 57.00 | 60.00 | OK | |
r-patched-linux-x86_64 | 2.0-7 | 1.87 | 25.43 | 27.30 | OK | |
r-release-linux-x86_64 | 2.0-7 | 2.08 | 25.37 | 27.45 | OK | |
r-release-macos-arm64 | 2.0-7 | 24.00 | OK | |||
r-release-macos-x86_64 | 2.0-7 | 47.00 | OK | |||
r-release-windows-x86_64 | 2.0-7 | 3.00 | 65.00 | 68.00 | OK | |
r-oldrel-macos-arm64 | 2.0-7 | 23.00 | OK | |||
r-oldrel-macos-x86_64 | 2.0-7 | 36.00 | OK | |||
r-oldrel-windows-x86_64 | 2.0-7 | 2.00 | 55.00 | 57.00 | OK |
Version: 2.0-7
Check: CRAN incoming feasibility
Result: NOTE
Maintainer: ‘David Leonard <davidsleonard@outlook.com>’
Package CITATION file contains call(s) to old-style personList() or
as.personList(). Please use c() on person objects instead.
Package CITATION file contains call(s) to old-style citEntry(). Please
use bibentry() instead.
Flavors: r-devel-linux-x86_64-debian-clang, r-devel-linux-x86_64-debian-gcc