Last updated on 2023-10-02 11:10:57 CEST.
Flavor | Version | Tinstall | Tcheck | Ttotal | Status | Flags |
---|---|---|---|---|---|---|
r-devel-linux-x86_64-debian-clang | 0.4.3 | 13.08 | 135.54 | 148.62 | OK | |
r-devel-linux-x86_64-debian-gcc | 0.4.3 | 10.19 | 104.69 | 114.88 | OK | |
r-devel-linux-x86_64-fedora-clang | 0.4.3 | 191.28 | NOTE | |||
r-devel-linux-x86_64-fedora-gcc | 0.4.3 | 200.40 | OK | |||
r-devel-windows-x86_64 | 0.4.3 | 84.00 | 640.00 | 724.00 | NOTE | |
r-patched-linux-x86_64 | 0.4.3 | 13.37 | 135.03 | 148.40 | OK | |
r-release-linux-x86_64 | 0.4.3 | 12.08 | 133.58 | 145.66 | OK | |
r-release-macos-arm64 | 0.4.3 | 66.00 | NOTE | |||
r-release-macos-x86_64 | 0.4.3 | 105.00 | NOTE | |||
r-release-windows-x86_64 | 0.4.3 | 53.00 | 451.00 | 504.00 | NOTE | |
r-oldrel-macos-arm64 | 0.4.3 | 61.00 | NOTE | |||
r-oldrel-macos-x86_64 | 0.4.3 | 86.00 | NOTE | |||
r-oldrel-windows-x86_64 | 0.4.3 | 51.00 | 480.00 | 531.00 | NOTE |
Version: 0.4.3
Check: installed package size
Result: NOTE
installed size is 6.1Mb
sub-directories of 1Mb or more:
doc 5.9Mb
Flavors: r-devel-linux-x86_64-fedora-clang, r-devel-windows-x86_64, r-release-macos-arm64, r-release-macos-x86_64, r-release-windows-x86_64, r-oldrel-macos-arm64, r-oldrel-macos-x86_64, r-oldrel-windows-x86_64