Last updated on 2022-07-05 11:49:56 CEST.
Flavor | Version | Tinstall | Tcheck | Ttotal | Status | Flags |
---|---|---|---|---|---|---|
r-devel-linux-x86_64-debian-clang | 1.0 | 5.20 | 54.25 | 59.45 | NOTE | |
r-devel-linux-x86_64-debian-gcc | 1.0 | 4.13 | 40.79 | 44.92 | NOTE | |
r-devel-linux-x86_64-fedora-clang | 1.0 | 81.12 | NOTE | |||
r-devel-linux-x86_64-fedora-gcc | 1.0 | 78.93 | NOTE | |||
r-devel-windows-x86_64 | 1.0 | 21.00 | 81.00 | 102.00 | NOTE | |
r-patched-linux-x86_64 | 1.0 | 3.99 | 50.77 | 54.76 | NOTE | |
r-release-linux-x86_64 | 1.0 | 3.78 | 52.00 | 55.78 | NOTE | |
r-release-macos-arm64 | 1.0 | 24.00 | NOTE | |||
r-release-macos-x86_64 | 1.0 | 45.00 | NOTE | |||
r-release-windows-x86_64 | 1.0 | 16.00 | 78.00 | 94.00 | NOTE | |
r-oldrel-macos-arm64 | 1.0 | 32.00 | NOTE | |||
r-oldrel-macos-x86_64 | 1.0 | 43.00 | NOTE | |||
r-oldrel-windows-ix86+x86_64 | 1.0 | 14.00 | 68.00 | 82.00 | NOTE |
Version: 1.0
Check: LazyData
Result: NOTE
'LazyData' is specified without a 'data' directory
Flavors: r-devel-linux-x86_64-debian-clang, r-devel-linux-x86_64-debian-gcc, r-devel-linux-x86_64-fedora-clang, r-devel-linux-x86_64-fedora-gcc, r-devel-windows-x86_64, r-patched-linux-x86_64, r-release-linux-x86_64, r-release-macos-arm64, r-release-macos-x86_64, r-release-windows-x86_64, r-oldrel-macos-arm64, r-oldrel-macos-x86_64, r-oldrel-windows-ix86+x86_64