CRAN Package Check Results for Package legislatoR

Last updated on 2023-02-02 11:54:06 CET.

Flavor Version Tinstall Tcheck Ttotal Status Flags
r-devel-linux-x86_64-debian-clang 1.0 5.25 46.57 51.82 NOTE
r-devel-linux-x86_64-debian-gcc 1.0 4.58 34.69 39.27 NOTE
r-devel-linux-x86_64-fedora-clang 1.0 69.04 NOTE
r-devel-linux-x86_64-fedora-gcc 1.0 80.02 NOTE
r-devel-windows-x86_64 1.0 18.00 79.00 97.00 NOTE
r-patched-linux-x86_64 1.0 4.20 44.30 48.50 NOTE
r-release-linux-x86_64 1.0 5.64 50.96 56.60 NOTE
r-release-macos-arm64 1.0 24.00 NOTE
r-release-macos-x86_64 1.0 45.00 NOTE
r-release-windows-x86_64 1.0 23.00 87.00 110.00 NOTE
r-oldrel-macos-arm64 1.0 32.00 NOTE
r-oldrel-macos-x86_64 1.0 43.00 NOTE
r-oldrel-windows-ix86+x86_64 1.0 12.00 74.00 86.00 NOTE

Check Details

Version: 1.0
Check: LazyData
Result: NOTE
     'LazyData' is specified without a 'data' directory
Flavors: r-devel-linux-x86_64-debian-clang, r-devel-linux-x86_64-debian-gcc, r-devel-linux-x86_64-fedora-clang, r-devel-linux-x86_64-fedora-gcc, r-devel-windows-x86_64, r-patched-linux-x86_64, r-release-linux-x86_64, r-release-macos-arm64, r-release-macos-x86_64, r-release-windows-x86_64, r-oldrel-macos-arm64, r-oldrel-macos-x86_64, r-oldrel-windows-ix86+x86_64