Last updated on 2022-06-29 11:52:13 CEST.
Flavor | Version | Tinstall | Tcheck | Ttotal | Status | Flags |
---|---|---|---|---|---|---|
r-devel-linux-x86_64-debian-clang | 0.1.4 | 9.56 | 79.54 | 89.10 | OK | |
r-devel-linux-x86_64-debian-gcc | 0.1.4 | 7.76 | 60.61 | 68.37 | OK | |
r-devel-linux-x86_64-fedora-clang | 0.1.4 | 115.15 | NOTE | |||
r-devel-linux-x86_64-fedora-gcc | 0.1.4 | 113.11 | NOTE | |||
r-devel-windows-x86_64 | 0.1.4 | 74.00 | 210.00 | 284.00 | OK | |
r-patched-linux-x86_64 | 0.1.4 | 11.15 | 75.07 | 86.22 | OK | |
r-release-linux-x86_64 | 0.1.4 | 8.57 | 75.78 | 84.35 | OK | |
r-release-macos-arm64 | 0.1.4 | 113.00 | NOTE | |||
r-release-macos-x86_64 | 0.1.4 | 145.00 | NOTE | |||
r-release-windows-x86_64 | 0.1.4 | 80.00 | 205.00 | 285.00 | OK | |
r-oldrel-macos-arm64 | 0.1.4 | 121.00 | NOTE | |||
r-oldrel-macos-x86_64 | 0.1.4 | 135.00 | NOTE | |||
r-oldrel-windows-ix86+x86_64 | 0.1.4 | 18.00 | 197.00 | 215.00 | OK |
Version: 0.1.4
Check: data for non-ASCII characters
Result: NOTE
Note: found 51 marked UTF-8 strings
Flavors: r-devel-linux-x86_64-fedora-clang, r-devel-linux-x86_64-fedora-gcc, r-release-macos-arm64, r-release-macos-x86_64, r-oldrel-macos-arm64, r-oldrel-macos-x86_64