Last updated on 2022-07-02 12:53:06 CEST.
Flavor | Version | Tinstall | Tcheck | Ttotal | Status | Flags |
---|---|---|---|---|---|---|
r-devel-linux-x86_64-debian-clang | 1.0.0 | 4.76 | 107.69 | 112.45 | OK | |
r-devel-linux-x86_64-debian-gcc | 1.0.0 | 3.91 | 83.97 | 87.88 | OK | |
r-devel-linux-x86_64-fedora-clang | 1.0.0 | 143.58 | NOTE | |||
r-devel-linux-x86_64-fedora-gcc | 1.0.0 | 140.95 | NOTE | |||
r-devel-windows-x86_64 | 1.0.0 | 25.00 | 138.00 | 163.00 | OK | |
r-patched-linux-x86_64 | 1.0.0 | 5.30 | 102.56 | 107.86 | OK | |
r-release-linux-x86_64 | 1.0.0 | 4.52 | 103.39 | 107.91 | OK | |
r-release-macos-arm64 | 1.0.0 | 52.00 | NOTE | |||
r-release-macos-x86_64 | 1.0.0 | 89.00 | NOTE | |||
r-release-windows-x86_64 | 1.0.0 | 9.00 | 144.00 | 153.00 | OK | |
r-oldrel-macos-arm64 | 1.0.0 | 102.00 | NOTE | |||
r-oldrel-macos-x86_64 | 1.0.0 | 68.00 | NOTE | |||
r-oldrel-windows-ix86+x86_64 | 1.0.0 | 13.00 | 149.00 | 162.00 | OK |
Version: 1.0.0
Check: data for non-ASCII characters
Result: NOTE
Note: found 1 marked UTF-8 string
Flavors: r-devel-linux-x86_64-fedora-clang, r-devel-linux-x86_64-fedora-gcc, r-release-macos-arm64, r-release-macos-x86_64, r-oldrel-macos-arm64, r-oldrel-macos-x86_64