Last updated on 2024-04-17 10:41:40 CEST.
Flavor | Version | Tinstall | Tcheck | Ttotal | Status | Flags |
---|---|---|---|---|---|---|
r-devel-linux-x86_64-debian-clang | 1.0.1 | 5.20 | 104.52 | 109.72 | OK | |
r-devel-linux-x86_64-debian-gcc | 1.0.1 | 3.77 | 83.17 | 86.94 | OK | |
r-devel-linux-x86_64-fedora-clang | 1.0.1 | 137.55 | NOTE | |||
r-devel-linux-x86_64-fedora-gcc | 1.0.1 | 143.67 | NOTE | |||
r-prerel-macos-arm64 | 1.0.1 | 57.00 | OK | |||
r-prerel-windows-x86_64 | 1.0.1 | 6.00 | 96.00 | 102.00 | OK | |
r-patched-linux-x86_64 | 1.0.1 | 5.75 | 99.52 | 105.27 | OK | |
r-release-linux-x86_64 | 1.0.1 | 4.22 | 99.72 | 103.94 | OK | |
r-release-macos-arm64 | 1.0.1 | 68.00 | OK | |||
r-release-macos-x86_64 | 1.0.1 | 91.00 | OK | |||
r-release-windows-x86_64 | 1.0.1 | 7.00 | 112.00 | 119.00 | OK | |
r-oldrel-macos-arm64 | 1.0.1 | 49.00 | OK | |||
r-oldrel-windows-x86_64 | 1.0.1 | 7.00 | 114.00 | 121.00 | OK |
Version: 1.0.1
Check: data for non-ASCII characters
Result: NOTE
Note: found 1 marked UTF-8 string
Flavors: r-devel-linux-x86_64-fedora-clang, r-devel-linux-x86_64-fedora-gcc