Last updated on 2024-08-16 12:49:12 CEST.
Flavor | Version | Tinstall | Tcheck | Ttotal | Status | Flags |
---|---|---|---|---|---|---|
r-devel-linux-x86_64-debian-clang | 1.3 | 25.43 | 205.75 | 231.18 | NOTE | |
r-devel-linux-x86_64-debian-gcc | 1.3 | 19.09 | 142.14 | 161.23 | NOTE | |
r-devel-linux-x86_64-fedora-clang | 1.3 | 367.87 | NOTE | |||
r-devel-linux-x86_64-fedora-gcc | 1.3 | 343.91 | NOTE | |||
r-devel-windows-x86_64 | 1.3 | 22.00 | 180.00 | 202.00 | NOTE | |
r-patched-linux-x86_64 | 1.3 | 26.53 | 193.44 | 219.97 | NOTE | |
r-release-linux-x86_64 | 1.3 | 22.31 | 189.53 | 211.84 | NOTE | |
r-release-macos-arm64 | 1.3 | 90.00 | NOTE | |||
r-release-macos-x86_64 | 1.3 | 149.00 | NOTE | |||
r-release-windows-x86_64 | 1.3 | 24.00 | 180.00 | 204.00 | NOTE | |
r-oldrel-macos-arm64 | 1.3 | 105.00 | OK | |||
r-oldrel-macos-x86_64 | 1.3 | 100.00 | OK | |||
r-oldrel-windows-x86_64 | 1.3 | 25.00 | 227.00 | 252.00 | OK |
Version: 1.3
Check: Rd files
Result: NOTE
checkRd: (-1) IPODFUN.Rd:18: Lost braces; missing escapes or markup?
18 | \item{H}{an N by N projection matrix X(X'X)^{-1}X' }
| ^
Flavors: r-devel-linux-x86_64-debian-clang, r-devel-linux-x86_64-debian-gcc, r-devel-linux-x86_64-fedora-clang, r-devel-linux-x86_64-fedora-gcc, r-devel-windows-x86_64, r-patched-linux-x86_64, r-release-linux-x86_64, r-release-macos-arm64, r-release-macos-x86_64, r-release-windows-x86_64