CRAN Package Check Results for Package leanpubr

Last updated on 2023-09-23 11:50:20 CEST.

Flavor Version Tinstall Tcheck Ttotal Status Flags
r-devel-linux-x86_64-debian-clang 0.3.1 2.35 32.44 34.79 NOTE
r-devel-linux-x86_64-debian-gcc 0.3.1 2.10 25.14 27.24 NOTE
r-devel-linux-x86_64-fedora-clang 0.3.1 44.74 NOTE
r-devel-linux-x86_64-fedora-gcc 0.3.1 53.66 NOTE
r-devel-windows-x86_64 0.3.1 4.00 57.00 61.00 NOTE
r-patched-linux-x86_64 0.3.1 6.51 31.22 37.73 NOTE
r-release-linux-x86_64 0.3.1 1.76 31.17 32.93 NOTE
r-release-macos-arm64 0.3.1 29.00 NOTE
r-release-macos-x86_64 0.3.1 38.00 NOTE
r-release-windows-x86_64 0.3.1 5.00 55.00 60.00 NOTE
r-oldrel-macos-arm64 0.3.1 21.00 NOTE
r-oldrel-macos-x86_64 0.3.1 27.00 NOTE
r-oldrel-windows-x86_64 0.3.1 5.00 56.00 61.00 NOTE

Check Details

Version: 0.3.1
Check: LazyData
Result: NOTE
     'LazyData' is specified without a 'data' directory
Flavors: r-devel-linux-x86_64-debian-clang, r-devel-linux-x86_64-debian-gcc, r-devel-linux-x86_64-fedora-clang, r-devel-linux-x86_64-fedora-gcc, r-devel-windows-x86_64, r-patched-linux-x86_64, r-release-linux-x86_64, r-release-macos-arm64, r-release-macos-x86_64, r-release-windows-x86_64, r-oldrel-macos-arm64, r-oldrel-macos-x86_64, r-oldrel-windows-x86_64