Last updated on 2023-01-28 12:56:15 CET.
Flavor | Version | Tinstall | Tcheck | Ttotal | Status | Flags |
---|---|---|---|---|---|---|
r-devel-linux-x86_64-debian-clang | 0.1.1 | 3.46 | 43.69 | 47.15 | NOTE | |
r-devel-linux-x86_64-debian-gcc | 0.1.1 | 3.01 | 33.39 | 36.40 | NOTE | |
r-devel-linux-x86_64-fedora-clang | 0.1.1 | 58.91 | NOTE | |||
r-devel-linux-x86_64-fedora-gcc | 0.1.1 | 58.63 | NOTE | |||
r-devel-windows-x86_64 | 0.1.1 | 30.00 | 74.00 | 104.00 | NOTE | |
r-patched-linux-x86_64 | 0.1.1 | 3.00 | 42.49 | 45.49 | NOTE | |
r-release-linux-x86_64 | 0.1.1 | 4.02 | 42.85 | 46.87 | NOTE | |
r-release-macos-arm64 | 0.1.1 | 20.00 | NOTE | |||
r-release-macos-x86_64 | 0.1.1 | 41.00 | NOTE | |||
r-release-windows-x86_64 | 0.1.1 | 32.00 | 74.00 | 106.00 | NOTE | |
r-oldrel-macos-arm64 | 0.1.1 | 29.00 | NOTE | |||
r-oldrel-macos-x86_64 | 0.1.1 | 33.00 | NOTE | |||
r-oldrel-windows-ix86+x86_64 | 0.1.1 | 12.00 | 71.00 | 83.00 | NOTE |
Version: 0.1.1
Check: LazyData
Result: NOTE
'LazyData' is specified without a 'data' directory
Flavors: r-devel-linux-x86_64-debian-clang, r-devel-linux-x86_64-debian-gcc, r-devel-linux-x86_64-fedora-clang, r-devel-linux-x86_64-fedora-gcc, r-devel-windows-x86_64, r-patched-linux-x86_64, r-release-linux-x86_64, r-release-macos-arm64, r-release-macos-x86_64, r-release-windows-x86_64, r-oldrel-macos-arm64, r-oldrel-macos-x86_64, r-oldrel-windows-ix86+x86_64