CRAN Package Check Results for Package leafdown

Last updated on 2022-06-26 11:52:35 CEST.

Flavor Version Tinstall Tcheck Ttotal Status Flags
r-devel-linux-x86_64-debian-clang 1.1.1 6.60 65.62 72.22 OK
r-devel-linux-x86_64-debian-gcc 1.1.1 4.68 52.09 56.77 OK
r-devel-linux-x86_64-fedora-clang 1.1.1 97.46 NOTE
r-devel-linux-x86_64-fedora-gcc 1.1.1 96.56 NOTE
r-devel-windows-x86_64 1.1.1 33.00 106.00 139.00 OK
r-patched-linux-x86_64 1.1.1 4.74 64.53 69.27 OK
r-release-linux-x86_64 1.1.1 5.60 64.62 70.22 OK
r-release-macos-arm64 1.1.1 32.00 NOTE
r-release-macos-x86_64 1.1.1 71.00 NOTE
r-release-windows-x86_64 1.1.1 30.00 109.00 139.00 OK
r-oldrel-macos-arm64 1.1.1 36.00 NOTE
r-oldrel-macos-x86_64 1.1.1 55.00 NOTE
r-oldrel-windows-ix86+x86_64 1.1.1 15.00 117.00 132.00 OK

Check Details

Version: 1.1.1
Check: data for non-ASCII characters
Result: NOTE
     Note: found 75 marked UTF-8 strings
Flavors: r-devel-linux-x86_64-fedora-clang, r-devel-linux-x86_64-fedora-gcc, r-release-macos-arm64, r-release-macos-x86_64, r-oldrel-macos-arm64, r-oldrel-macos-x86_64