Last updated on 2025-04-29 12:52:40 CEST.
Flavor | Version | Tinstall | Tcheck | Ttotal | Status | Flags |
---|---|---|---|---|---|---|
r-devel-linux-x86_64-debian-clang | 1.0 | 2.32 | 22.59 | 24.91 | NOTE | |
r-devel-linux-x86_64-debian-gcc | 1.0 | 1.66 | 17.68 | 19.34 | NOTE | |
r-devel-linux-x86_64-fedora-clang | 1.0 | 38.65 | OK | |||
r-devel-linux-x86_64-fedora-gcc | 1.0 | 37.56 | OK | |||
r-devel-windows-x86_64 | 1.0 | 3.00 | 49.00 | 52.00 | OK | |
r-patched-linux-x86_64 | 1.0 | 2.80 | 21.70 | 24.50 | OK | |
r-release-linux-x86_64 | 1.0 | 2.12 | 21.49 | 23.61 | OK | |
r-release-macos-arm64 | 1.0 | 17.00 | OK | |||
r-release-macos-x86_64 | 1.0 | 30.00 | OK | |||
r-release-windows-x86_64 | 1.0 | 4.00 | 51.00 | 55.00 | OK | |
r-oldrel-macos-arm64 | 1.0 | 16.00 | OK | |||
r-oldrel-macos-x86_64 | 1.0 | 23.00 | OK | |||
r-oldrel-windows-x86_64 | 1.0 | 3.00 | 47.00 | 50.00 | OK |
Version: 1.0
Check: CRAN incoming feasibility
Result: NOTE
Maintainer: ‘Agustina Ventre Lespiaucq <aguslespiaucq@gmail.com>’
No Authors@R field in DESCRIPTION.
Please add one, modifying
Authors@R: c(person(given = c("Agustina", "Ventre"),
family = "Lespiaucq",
role = c("aut", "cre"),
email = "aguslespiaucq@gmail.com"),
person(given = c("Silvia", "Santamaria"),
family = "Bueno",
role = "aut"))
as necessary.
Flavors: r-devel-linux-x86_64-debian-clang, r-devel-linux-x86_64-debian-gcc