Last updated on 2024-08-31 11:49:31 CEST.
Flavor | Version | Tinstall | Tcheck | Ttotal | Status | Flags |
---|---|---|---|---|---|---|
r-devel-linux-x86_64-debian-clang | 0.5.3 | 371.33 | 75.72 | 447.05 | OK | |
r-devel-linux-x86_64-debian-gcc | 0.5.3 | 267.89 | 52.14 | 320.03 | OK | |
r-devel-linux-x86_64-fedora-clang | 0.5.3 | 890.08 | OK | |||
r-devel-linux-x86_64-fedora-gcc | 0.5.3 | 959.73 | OK | |||
r-devel-windows-x86_64 | 0.5.3 | 423.00 | 148.00 | 571.00 | OK | |
r-patched-linux-x86_64 | 0.5.3 | 384.73 | 70.91 | 455.64 | OK | |
r-release-linux-x86_64 | 0.5.3 | 378.04 | 70.28 | 448.32 | OK | |
r-release-macos-arm64 | 0.5.3 | 208.00 | NOTE | |||
r-release-macos-x86_64 | 0.5.3 | 244.00 | NOTE | |||
r-release-windows-x86_64 | 0.5.3 | 441.00 | 159.00 | 600.00 | OK | |
r-oldrel-macos-arm64 | 0.5.3 | 274.00 | NOTE | |||
r-oldrel-macos-x86_64 | 0.5.3 | 199.00 | NOTE | |||
r-oldrel-windows-x86_64 | 0.5.3 | 498.00 | 170.00 | 668.00 | OK |
Version: 0.5.3
Check: installed package size
Result: NOTE
installed size is 26.2Mb
sub-directories of 1Mb or more:
libs 24.8Mb
Flavors: r-release-macos-arm64, r-release-macos-x86_64, r-oldrel-macos-arm64, r-oldrel-macos-x86_64