CRAN Package Check Results for Package ldsr

Last updated on 2023-11-28 13:50:58 CET.

Flavor Version Tinstall Tcheck Ttotal Status Flags
r-devel-linux-x86_64-debian-clang 0.0.2 45.75 74.59 120.34 NOTE
r-devel-linux-x86_64-debian-gcc 0.0.2 34.04 54.89 88.93 NOTE
r-devel-linux-x86_64-fedora-clang 0.0.2 170.62 NOTE
r-devel-linux-x86_64-fedora-gcc 0.0.2 174.27 NOTE
r-devel-windows-x86_64 0.0.2 39.00 100.00 139.00 NOTE
r-patched-linux-x86_64 0.0.2 39.35 67.16 106.51 NOTE
r-release-linux-x86_64 0.0.2 40.51 68.65 109.16 NOTE
r-release-macos-arm64 0.0.2 54.00 NOTE
r-release-macos-x86_64 0.0.2 85.00 NOTE
r-release-windows-x86_64 0.0.2 50.00 111.00 161.00 NOTE
r-oldrel-macos-arm64 0.0.2 44.00 OK
r-oldrel-macos-x86_64 0.0.2 70.00 OK
r-oldrel-windows-x86_64 0.0.2 50.00 106.00 156.00 OK

Check Details

Version: 0.0.2
Check: C++ specification
Result: NOTE Specified C++11: please drop specification unless essential Flavors: r-devel-linux-x86_64-debian-clang, r-devel-linux-x86_64-debian-gcc, r-devel-linux-x86_64-fedora-clang, r-devel-linux-x86_64-fedora-gcc, r-devel-windows-x86_64, r-patched-linux-x86_64, r-release-linux-x86_64, r-release-macos-arm64, r-release-macos-x86_64, r-release-windows-x86_64

Version: 0.0.2
Check: package subdirectories
Result: NOTE Problems with news in ‘NEWS.md’: No news entries found. Flavors: r-devel-linux-x86_64-debian-clang, r-devel-linux-x86_64-debian-gcc, r-devel-linux-x86_64-fedora-clang, r-devel-linux-x86_64-fedora-gcc, r-devel-windows-x86_64, r-patched-linux-x86_64, r-release-linux-x86_64, r-release-macos-arm64, r-release-macos-x86_64, r-release-windows-x86_64