Last updated on 2022-06-28 12:52:27 CEST.
Flavor | Version | Tinstall | Tcheck | Ttotal | Status | Flags |
---|---|---|---|---|---|---|
r-devel-linux-x86_64-debian-clang | 1.4.2 | 4.34 | 44.27 | 48.61 | OK | |
r-devel-linux-x86_64-debian-gcc | 1.4.2 | 4.25 | 35.74 | 39.99 | OK | |
r-devel-linux-x86_64-fedora-clang | 1.4.2 | 71.06 | NOTE | |||
r-devel-linux-x86_64-fedora-gcc | 1.4.2 | 69.34 | NOTE | |||
r-devel-windows-x86_64 | 1.4.2 | 30.00 | 82.00 | 112.00 | OK | |
r-patched-linux-x86_64 | 1.4.2 | 4.75 | 42.96 | 47.71 | OK | |
r-release-linux-x86_64 | 1.4.2 | 5.17 | 43.40 | 48.57 | OK | |
r-release-macos-arm64 | 1.4.2 | 26.00 | OK | |||
r-release-macos-x86_64 | 1.4.2 | 34.00 | OK | |||
r-release-windows-x86_64 | 1.4.2 | 29.00 | 85.00 | 114.00 | OK | |
r-oldrel-macos-arm64 | 1.4.2 | 29.00 | OK | |||
r-oldrel-macos-x86_64 | 1.4.2 | 50.00 | OK | |||
r-oldrel-windows-ix86+x86_64 | 1.4.2 | 13.00 | 81.00 | 94.00 | OK |
Version: 1.4.2
Check: compiled code
Result: NOTE
File ‘lda/libs/lda.so’:
Found no calls to: ‘R_registerRoutines’, ‘R_useDynamicSymbols’
It is good practice to register native routines and to disable symbol
search.
See ‘Writing portable packages’ in the ‘Writing R Extensions’ manual.
Flavors: r-devel-linux-x86_64-fedora-clang, r-devel-linux-x86_64-fedora-gcc