Last updated on 2024-03-28 09:51:46 CET.
Flavor | Version | Tinstall | Tcheck | Ttotal | Status | Flags |
---|---|---|---|---|---|---|
r-devel-linux-x86_64-debian-clang | 1.4.2 | 4.77 | 46.10 | 50.87 | NOTE | |
r-devel-linux-x86_64-debian-gcc | 1.4.2 | 4.47 | 36.77 | 41.24 | NOTE | |
r-devel-linux-x86_64-fedora-clang | 1.4.2 | 62.97 | NOTE | |||
r-devel-linux-x86_64-fedora-gcc | 1.4.2 | 62.36 | NOTE | |||
r-devel-windows-x86_64 | 1.4.2 | 9.00 | 66.00 | 75.00 | NOTE | |
r-patched-linux-x86_64 | 1.4.2 | 4.99 | 44.98 | 49.97 | NOTE | |
r-release-linux-x86_64 | 1.4.2 | 4.82 | 46.37 | 51.19 | OK | |
r-release-macos-arm64 | 1.4.2 | 26.00 | OK | |||
r-release-macos-x86_64 | 1.4.2 | 41.00 | OK | |||
r-release-windows-x86_64 | 1.4.2 | 7.00 | 73.00 | 80.00 | OK | |
r-oldrel-macos-arm64 | 1.4.2 | 26.00 | OK | |||
r-oldrel-windows-x86_64 | 1.4.2 | 8.00 | 77.00 | 85.00 | OK |
Version: 1.4.2
Check: Rd contents
Result: NOTE
Argument items with no description in Rd file 'top.topic.words.Rd':
‘alpha’
Flavors: r-devel-linux-x86_64-debian-clang, r-devel-linux-x86_64-debian-gcc, r-devel-linux-x86_64-fedora-clang, r-devel-linux-x86_64-fedora-gcc, r-devel-windows-x86_64, r-patched-linux-x86_64
Version: 1.4.2
Check: compiled code
Result: NOTE
File ‘lda/libs/lda.so’:
Found no calls to: ‘R_registerRoutines’, ‘R_useDynamicSymbols’
It is good practice to register native routines and to disable symbol
search.
See ‘Writing portable packages’ in the ‘Writing R Extensions’ manual.
Flavors: r-devel-linux-x86_64-fedora-clang, r-devel-linux-x86_64-fedora-gcc