Last updated on 2025-05-18 10:49:29 CEST.
Flavor | Version | Tinstall | Tcheck | Ttotal | Status | Flags |
---|---|---|---|---|---|---|
r-devel-linux-x86_64-debian-clang | 1.3 | 1.92 | 26.31 | 28.23 | NOTE | |
r-devel-linux-x86_64-debian-gcc | 1.3 | 1.46 | 20.41 | 21.87 | NOTE | |
r-devel-linux-x86_64-fedora-clang | 1.3 | 45.17 | OK | |||
r-devel-linux-x86_64-fedora-gcc | 1.3 | 42.03 | OK | |||
r-devel-windows-x86_64 | 1.3 | 4.00 | 49.00 | 53.00 | OK | |
r-patched-linux-x86_64 | 1.3 | 2.09 | 24.99 | 27.08 | OK | |
r-release-linux-x86_64 | 1.3 | 1.79 | 25.13 | 26.92 | OK | |
r-release-macos-arm64 | 1.3 | 19.00 | OK | |||
r-release-macos-x86_64 | 1.3 | 27.00 | OK | |||
r-release-windows-x86_64 | 1.3 | 3.00 | 53.00 | 56.00 | OK | |
r-oldrel-macos-arm64 | 1.3 | 17.00 | OK | |||
r-oldrel-macos-x86_64 | 1.3 | 27.00 | OK | |||
r-oldrel-windows-x86_64 | 1.3 | 3.00 | 51.00 | 54.00 | OK |
Version: 1.3
Check: CRAN incoming feasibility
Result: NOTE
Maintainer: ‘Bernardo Andrade <bbandrade@unb.br>’
No Authors@R field in DESCRIPTION.
Please add one, modifying
Authors@R: c(person(given = c("Bernardo", "B."),
family = "Andrade",
role = "aut"),
person(given = "Bernardo",
family = "Andrade",
role = "cre",
email = "bbandrade@unb.br"))
as necessary.
Flavors: r-devel-linux-x86_64-debian-clang, r-devel-linux-x86_64-debian-gcc