Last updated on 2025-04-29 12:52:40 CEST.
Flavor | Version | Tinstall | Tcheck | Ttotal | Status | Flags |
---|---|---|---|---|---|---|
r-devel-linux-x86_64-debian-clang | 0.9.0.2 | 2.40 | 20.44 | 22.84 | NOTE | |
r-devel-linux-x86_64-debian-gcc | 0.9.0.2 | 1.62 | 16.05 | 17.67 | NOTE | |
r-devel-linux-x86_64-fedora-clang | 0.9.0.2 | 36.20 | OK | |||
r-devel-linux-x86_64-fedora-gcc | 0.9.0.2 | 34.74 | OK | |||
r-devel-windows-x86_64 | 0.9.0.2 | 3.00 | 40.00 | 43.00 | OK | |
r-patched-linux-x86_64 | 0.9.0.2 | 2.48 | 19.60 | 22.08 | OK | |
r-release-linux-x86_64 | 0.9.0.2 | 2.54 | 20.03 | 22.57 | OK | |
r-release-macos-arm64 | 0.9.0.2 | 16.00 | OK | |||
r-release-macos-x86_64 | 0.9.0.2 | 30.00 | OK | |||
r-release-windows-x86_64 | 0.9.0.2 | 3.00 | 43.00 | 46.00 | OK | |
r-oldrel-macos-arm64 | 0.9.0.2 | 14.00 | OK | |||
r-oldrel-macos-x86_64 | 0.9.0.2 | 23.00 | OK | |||
r-oldrel-windows-x86_64 | 0.9.0.2 | 3.00 | 40.00 | 43.00 | OK |
Version: 0.9.0.2
Check: CRAN incoming feasibility
Result: NOTE
Maintainer: ‘Chao Zhu <zhuchao9966@gmail.com>’
No Authors@R field in DESCRIPTION.
Please add one, modifying
Authors@R: person(given = "Chao",
family = "Zhu",
role = c("aut", "cre"),
email = "zhuchao9966@gmail.com")
as necessary.
Flavors: r-devel-linux-x86_64-debian-clang, r-devel-linux-x86_64-debian-gcc