Last updated on 2022-06-30 11:53:11 CEST.
Flavor | Version | Tinstall | Tcheck | Ttotal | Status | Flags |
---|---|---|---|---|---|---|
r-devel-linux-x86_64-debian-clang | 1.6.10 | 35.50 | 421.72 | 457.22 | NOTE | |
r-devel-linux-x86_64-debian-gcc | 1.6.10 | 32.47 | 304.43 | 336.90 | NOTE | |
r-devel-linux-x86_64-fedora-clang | 1.6.10 | 537.77 | NOTE | |||
r-devel-linux-x86_64-fedora-gcc | 1.6.10 | 579.67 | NOTE | |||
r-devel-windows-x86_64 | 1.6.10 | 143.00 | 455.00 | 598.00 | NOTE | |
r-patched-linux-x86_64 | 1.6.10 | 44.12 | 404.50 | 448.62 | NOTE | |
r-release-linux-x86_64 | 1.6.10 | 34.79 | 402.61 | 437.40 | NOTE | |
r-release-macos-arm64 | 1.6.10 | 125.00 | NOTE | |||
r-release-macos-x86_64 | 1.6.10 | 180.00 | NOTE | |||
r-release-windows-x86_64 | 1.6.10 | 124.00 | 448.00 | 572.00 | NOTE | |
r-oldrel-macos-arm64 | 1.6.10 | 216.00 | NOTE | |||
r-oldrel-macos-x86_64 | 1.6.10 | 169.00 | NOTE | |||
r-oldrel-windows-ix86+x86_64 | 1.6.10 | 69.00 | 455.00 | 524.00 | OK |
Version: 1.6.10
Check: package dependencies
Result: NOTE
Packages suggested but not available for checking: 'gof', 'lava.tobit'
Flavors: r-devel-linux-x86_64-debian-clang, r-devel-linux-x86_64-debian-gcc, r-devel-linux-x86_64-fedora-clang, r-devel-linux-x86_64-fedora-gcc, r-devel-windows-x86_64, r-patched-linux-x86_64, r-release-linux-x86_64, r-release-macos-x86_64, r-release-windows-x86_64, r-oldrel-macos-arm64, r-oldrel-macos-x86_64
Version: 1.6.10
Check: Rd files
Result: NOTE
checkRd: (-1) Col.Rd:17: Escaped LaTeX specials: \#
checkRd: (-1) regression-set.Rd:103: Escaped LaTeX specials: \$
Flavors: r-devel-linux-x86_64-debian-clang, r-devel-linux-x86_64-debian-gcc, r-devel-linux-x86_64-fedora-clang, r-devel-linux-x86_64-fedora-gcc, r-devel-windows-x86_64
Version: 1.6.10
Check: package dependencies
Result: NOTE
Packages suggested but not available for checking:
'Rgraphviz', 'gof', 'graph', 'lava.tobit'
Flavor: r-release-macos-arm64
Version: 1.6.10
Check: installed package size
Result: NOTE
installed size is 5.1Mb
sub-directories of 1Mb or more:
R 2.1Mb
doc 2.1Mb
Flavor: r-oldrel-macos-arm64