CRAN Package Check Results for Package lattice

Last updated on 2022-05-19 11:54:22 CEST.

Flavor Version Tinstall Tcheck Ttotal Status Flags
r-devel-linux-x86_64-debian-clang 0.20-45 18.27 168.33 186.60 OK
r-devel-linux-x86_64-debian-gcc 0.20-45 11.73 121.48 133.21 OK
r-devel-linux-x86_64-fedora-clang 0.20-45 213.23 NOTE
r-devel-linux-x86_64-fedora-gcc 0.20-45 207.77 OK
r-devel-windows-x86_64 0.20-45 102.00 174.00 276.00 OK
r-patched-linux-x86_64 0.20-45 18.96 153.36 172.32 OK
r-release-linux-x86_64 0.20-45 16.61 153.59 170.20 OK
r-release-macos-arm64 0.20-45 54.00 OK
r-release-macos-x86_64 0.20-45 80.00 OK
r-release-windows-x86_64 0.20-45 95.00 174.00 269.00 OK
r-oldrel-macos-arm64 0.20-45 59.00 OK
r-oldrel-macos-x86_64 0.20-45 97.00 OK
r-oldrel-windows-ix86+x86_64 0.20-45 35.00 229.00 264.00 OK

Check Details

Version: 0.20-45
Check: Rd cross-references
Result: NOTE
    Undeclared package ‘zoo’ in Rd xrefs
Flavor: r-devel-linux-x86_64-fedora-clang