Last updated on 2024-04-23 10:54:07 CEST.
Flavor | Version | Tinstall | Tcheck | Ttotal | Status | Flags |
---|---|---|---|---|---|---|
r-devel-linux-x86_64-debian-clang | 0.2.1 | 9.67 | 71.21 | 80.88 | NOTE | |
r-devel-linux-x86_64-debian-gcc | 0.2.1 | 7.93 | 51.69 | 59.62 | NOTE | |
r-devel-linux-x86_64-fedora-clang | 0.2.1 | 98.94 | NOTE | |||
r-devel-linux-x86_64-fedora-gcc | 0.2.1 | 93.67 | NOTE | |||
r-prerel-macos-arm64 | 0.2.1 | 31.00 | NOTE | |||
r-prerel-windows-x86_64 | 0.2.1 | 11.00 | 71.00 | 82.00 | NOTE | |
r-patched-linux-x86_64 | 0.2.1 | 14.19 | 65.25 | 79.44 | NOTE | |
r-release-linux-x86_64 | 0.2.1 | 6.26 | 65.38 | 71.64 | NOTE | |
r-release-macos-arm64 | 0.2.1 | 31.00 | NOTE | |||
r-release-macos-x86_64 | 0.2.1 | 49.00 | NOTE | |||
r-release-windows-x86_64 | 0.2.1 | 13.00 | 84.00 | 97.00 | NOTE | |
r-oldrel-macos-arm64 | 0.2.1 | 34.00 | NOTE | |||
r-oldrel-windows-x86_64 | 0.2.1 | 13.00 | 85.00 | 98.00 | NOTE |
Version: 0.2.1
Check: LazyData
Result: NOTE
'LazyData' is specified without a 'data' directory
Flavors: r-devel-linux-x86_64-debian-clang, r-devel-linux-x86_64-debian-gcc, r-devel-linux-x86_64-fedora-clang, r-devel-linux-x86_64-fedora-gcc, r-prerel-macos-arm64, r-prerel-windows-x86_64, r-patched-linux-x86_64, r-release-linux-x86_64, r-release-macos-arm64, r-release-macos-x86_64, r-release-windows-x86_64, r-oldrel-macos-arm64, r-oldrel-windows-x86_64