CRAN Package Check Results for Package latdiag

Last updated on 2025-07-08 12:49:52 CEST.

Flavor Version Tinstall Tcheck Ttotal Status Flags
r-devel-linux-x86_64-debian-clang 0.3 1.51 33.53 35.04 NOTE
r-devel-linux-x86_64-debian-gcc 0.3 1.50 26.13 27.63 NOTE
r-devel-linux-x86_64-fedora-clang 0.3 54.85 OK
r-devel-linux-x86_64-fedora-gcc 0.3 66.37 OK
r-devel-windows-x86_64 0.3 3.00 74.00 77.00 OK
r-patched-linux-x86_64 0.3 1.94 31.81 33.75 OK
r-release-linux-x86_64 0.3 1.46 31.36 32.82 OK
r-release-macos-arm64 0.3 37.00 OK
r-release-macos-x86_64 0.3 57.00 OK
r-release-windows-x86_64 0.3 3.00 73.00 76.00 OK
r-oldrel-macos-arm64 0.3 26.00 OK
r-oldrel-macos-x86_64 0.3 44.00 OK
r-oldrel-windows-x86_64 0.3 4.00 70.00 74.00 OK

Check Details

Version: 0.3
Check: CRAN incoming feasibility
Result: NOTE Maintainer: ‘Michael Dewey <lists@dewey.myzen.co.uk>’ Package CITATION file contains call(s) to old-style personList() or as.personList(). Please use c() on person objects instead. Package CITATION file contains call(s) to old-style citEntry(). Please use bibentry() instead. Flavors: r-devel-linux-x86_64-debian-clang, r-devel-linux-x86_64-debian-gcc