Last updated on 2024-04-23 10:54:07 CEST.
Flavor | Version | Tinstall | Tcheck | Ttotal | Status | Flags |
---|---|---|---|---|---|---|
r-devel-linux-x86_64-debian-clang | 1.2 | 19.91 | 78.88 | 98.79 | NOTE | |
r-devel-linux-x86_64-debian-gcc | 1.2 | 15.59 | 55.36 | 70.95 | NOTE | |
r-devel-linux-x86_64-fedora-clang | 1.2 | 130.51 | NOTE | |||
r-devel-linux-x86_64-fedora-gcc | 1.2 | 135.45 | NOTE | |||
r-prerel-macos-arm64 | 1.2 | 39.00 | NOTE | |||
r-prerel-windows-x86_64 | 1.2 | 20.00 | 86.00 | 106.00 | NOTE | |
r-patched-linux-x86_64 | 1.2 | 17.14 | 74.75 | 91.89 | NOTE | |
r-release-linux-x86_64 | 1.2 | 18.97 | 72.33 | 91.30 | NOTE | |
r-release-macos-arm64 | 1.2 | 46.00 | NOTE | |||
r-release-macos-x86_64 | 1.2 | 69.00 | NOTE | |||
r-release-windows-x86_64 | 1.2 | 24.00 | 104.00 | 128.00 | NOTE | |
r-oldrel-macos-arm64 | 1.2 | 37.00 | NOTE | |||
r-oldrel-windows-x86_64 | 1.2 | 21.00 | 107.00 | 128.00 | NOTE |
Version: 1.2
Check: LazyData
Result: NOTE
'LazyData' is specified without a 'data' directory
Flavors: r-devel-linux-x86_64-debian-clang, r-devel-linux-x86_64-debian-gcc, r-devel-linux-x86_64-fedora-clang, r-devel-linux-x86_64-fedora-gcc, r-prerel-macos-arm64, r-prerel-windows-x86_64, r-patched-linux-x86_64, r-release-linux-x86_64, r-release-macos-arm64, r-release-macos-x86_64, r-release-windows-x86_64, r-oldrel-macos-arm64, r-oldrel-windows-x86_64