CRAN Package Check Results for Package lamle

Last updated on 2024-04-23 10:54:07 CEST.

Flavor Version Tinstall Tcheck Ttotal Status Flags
r-devel-linux-x86_64-debian-clang 0.3.1 112.53 89.39 201.92 OK
r-devel-linux-x86_64-debian-gcc 0.3.1 87.50 63.14 150.64 OK
r-devel-linux-x86_64-fedora-clang 0.3.1 246.21 OK
r-devel-linux-x86_64-fedora-gcc 0.3.1 263.50 OK
r-prerel-macos-arm64 0.3.1 62.00 NOTE
r-prerel-windows-x86_64 0.3.1 76.00 98.00 174.00 OK
r-patched-linux-x86_64 0.3.1 94.29 82.76 177.05 OK
r-release-linux-x86_64 0.3.1 104.30 82.99 187.29 OK
r-release-macos-arm64 0.3.1 66.00 NOTE
r-release-macos-x86_64 0.3.1 193.00 NOTE
r-release-windows-x86_64 0.3.1 95.00 118.00 213.00 OK
r-oldrel-macos-arm64 0.3.1 64.00 NOTE
r-oldrel-windows-x86_64 0.3.1 85.00 115.00 200.00 OK

Check Details

Version: 0.3.1
Check: installed package size
Result: NOTE installed size is 8.4Mb sub-directories of 1Mb or more: libs 8.2Mb Flavors: r-prerel-macos-arm64, r-release-macos-arm64, r-release-macos-x86_64, r-oldrel-macos-arm64