Last updated on 2024-03-29 09:55:27 CET.
Flavor | Version | Tinstall | Tcheck | Ttotal | Status | Flags |
---|---|---|---|---|---|---|
r-devel-linux-x86_64-debian-clang | 2.2.3 | 20.10 | 29.42 | 49.52 | NOTE | |
r-devel-linux-x86_64-debian-gcc | 2.2.3 | 16.66 | 23.01 | 39.67 | NOTE | |
r-devel-linux-x86_64-fedora-clang | 2.2.3 | 72.31 | NOTE | |||
r-devel-linux-x86_64-fedora-gcc | 2.2.3 | 66.82 | NOTE | |||
r-devel-windows-x86_64 | 2.2.3 | 19.00 | 63.00 | 82.00 | NOTE | |
r-patched-linux-x86_64 | 2.2.3 | 24.27 | 28.87 | 53.14 | NOTE | |
r-release-linux-x86_64 | 2.2.3 | 18.62 | 28.86 | 47.48 | NOTE | |
r-release-macos-arm64 | 2.2.3 | 28.00 | NOTE | |||
r-release-macos-x86_64 | 2.2.3 | 56.00 | NOTE | |||
r-release-windows-x86_64 | 2.2.3 | 25.00 | 68.00 | 93.00 | NOTE | |
r-oldrel-macos-arm64 | 2.2.3 | 28.00 | NOTE | |||
r-oldrel-windows-x86_64 | 2.2.3 | 22.00 | 70.00 | 92.00 | NOTE |
Version: 2.2.3
Check: for GNU extensions in Makefiles
Result: NOTE
GNU make is a SystemRequirements.
Flavors: r-devel-linux-x86_64-debian-clang, r-devel-linux-x86_64-debian-gcc, r-devel-linux-x86_64-fedora-clang, r-devel-linux-x86_64-fedora-gcc, r-devel-windows-x86_64, r-patched-linux-x86_64, r-release-linux-x86_64, r-release-macos-arm64, r-release-macos-x86_64, r-release-windows-x86_64, r-oldrel-macos-arm64, r-oldrel-windows-x86_64
Version: 2.2.3
Check: Rd cross-references
Result: NOTE
Undeclared package ‘gsl’ in Rd xrefs
Flavor: r-devel-linux-x86_64-fedora-clang