Last updated on 2023-10-01 12:00:40 CEST.
Flavor | Version | Tinstall | Tcheck | Ttotal | Status | Flags |
---|---|---|---|---|---|---|
r-devel-linux-x86_64-debian-clang | 1.0-1 | 12.22 | 126.16 | 138.38 | OK | |
r-devel-linux-x86_64-debian-gcc | 1.0-1 | 12.22 | 99.58 | 111.80 | OK | |
r-devel-linux-x86_64-fedora-clang | 1.0-1 | 184.96 | NOTE | |||
r-devel-linux-x86_64-fedora-gcc | 1.0-1 | 181.48 | OK | |||
r-devel-windows-x86_64 | 1.0-1 | 13.00 | 110.00 | 123.00 | NOTE | |
r-patched-linux-x86_64 | 1.0-1 | 12.43 | 128.90 | 141.33 | OK | |
r-release-linux-x86_64 | 1.0-1 | 11.98 | 127.99 | 139.97 | OK | |
r-release-macos-arm64 | 1.0-1 | 48.00 | NOTE | |||
r-release-macos-x86_64 | 1.0-1 | 89.00 | NOTE | |||
r-release-windows-x86_64 | 1.0-1 | 17.00 | 126.00 | 143.00 | NOTE | |
r-oldrel-macos-arm64 | 1.0-1 | 90.00 | NOTE | |||
r-oldrel-macos-x86_64 | 1.0-1 | 141.00 | NOTE | |||
r-oldrel-windows-x86_64 | 1.0-1 | 18.00 | 132.00 | 150.00 | NOTE |
Version: 1.0-1
Check: installed package size
Result: NOTE
installed size is 8.4Mb
sub-directories of 1Mb or more:
data 8.3Mb
Flavors: r-devel-linux-x86_64-fedora-clang, r-devel-windows-x86_64, r-release-macos-arm64, r-release-macos-x86_64, r-release-windows-x86_64, r-oldrel-macos-arm64, r-oldrel-macos-x86_64, r-oldrel-windows-x86_64
Version: 1.0-1
Check: Rd cross-references
Result: NOTE
Undeclared package ‘spdep’ in Rd xrefs
Flavor: r-devel-linux-x86_64-fedora-clang