CRAN Package Check Results for Package lacrmr

Last updated on 2022-06-25 10:53:06 CEST.

Flavor Version Tinstall Tcheck Ttotal Status Flags
r-devel-linux-x86_64-debian-clang 1.0.5 5.06 54.77 59.83 OK
r-devel-linux-x86_64-debian-gcc 1.0.5 4.16 41.05 45.21 OK
r-devel-linux-x86_64-fedora-clang 1.0.5 81.43 NOTE
r-devel-linux-x86_64-fedora-gcc 1.0.5 78.65 NOTE
r-devel-windows-x86_64 1.0.5 20.00 79.00 99.00 OK
r-patched-linux-x86_64 1.0.5 4.49 51.90 56.39 OK
r-release-linux-x86_64 1.0.5 3.94 52.32 56.26 OK
r-release-macos-arm64 1.0.5 30.00 NOTE
r-release-macos-x86_64 1.0.5 37.00 NOTE
r-release-windows-x86_64 1.0.5 19.00 76.00 95.00 OK
r-oldrel-macos-arm64 1.0.5 28.00 NOTE
r-oldrel-macos-x86_64 1.0.5 37.00 NOTE
r-oldrel-windows-ix86+x86_64 1.0.5 14.00 72.00 86.00 OK

Check Details

Version: 1.0.5
Check: dependencies in R code
Result: NOTE
    Namespace in Imports field not imported from: ‘stringr’
     All declared Imports should be used.
Flavors: r-devel-linux-x86_64-fedora-clang, r-devel-linux-x86_64-fedora-gcc, r-release-macos-arm64, r-release-macos-x86_64, r-oldrel-macos-arm64, r-oldrel-macos-x86_64