CRAN Package Check Results for Package lacrmr

Last updated on 2023-02-08 11:54:29 CET.

Flavor Version Tinstall Tcheck Ttotal Status Flags
r-devel-linux-x86_64-debian-clang 1.0.5 4.91 46.00 50.91 OK
r-devel-linux-x86_64-debian-gcc 1.0.5 4.02 35.12 39.14 OK
r-devel-linux-x86_64-fedora-clang 1.0.5 67.47 NOTE
r-devel-linux-x86_64-fedora-gcc 1.0.5 71.92 NOTE
r-devel-windows-x86_64 1.0.5 18.00 74.00 92.00 OK
r-patched-linux-x86_64 1.0.5 4.28 45.66 49.94 OK
r-release-linux-x86_64 1.0.5 3.81 44.76 48.57 OK
r-release-macos-arm64 1.0.5 30.00 NOTE
r-release-macos-x86_64 1.0.5 37.00 NOTE
r-release-windows-x86_64 1.0.5 14.00 88.00 102.00 OK
r-oldrel-macos-arm64 1.0.5 28.00 NOTE
r-oldrel-macos-x86_64 1.0.5 37.00 NOTE
r-oldrel-windows-ix86+x86_64 1.0.5 12.00 68.00 80.00 OK

Check Details

Version: 1.0.5
Check: dependencies in R code
Result: NOTE
    Namespace in Imports field not imported from: ‘stringr’
     All declared Imports should be used.
Flavors: r-devel-linux-x86_64-fedora-clang, r-devel-linux-x86_64-fedora-gcc, r-release-macos-arm64, r-release-macos-x86_64, r-oldrel-macos-arm64, r-oldrel-macos-x86_64