CRAN Package Check Results for Package l1ball

Last updated on 2025-04-29 12:52:39 CEST.

Flavor Version Tinstall Tcheck Ttotal Status Flags
r-devel-linux-x86_64-debian-clang 0.1.0 2.76 35.59 38.35 NOTE
r-devel-linux-x86_64-debian-gcc 0.1.0 2.38 27.38 29.76 NOTE
r-devel-linux-x86_64-fedora-clang 0.1.0 61.94 OK
r-devel-linux-x86_64-fedora-gcc 0.1.0 63.57 OK
r-devel-windows-x86_64 0.1.0 4.00 53.00 57.00 OK
r-patched-linux-x86_64 0.1.0 3.30 34.64 37.94 OK
r-release-linux-x86_64 0.1.0 2.84 35.03 37.87 OK
r-release-macos-arm64 0.1.0 21.00 OK
r-release-macos-x86_64 0.1.0 39.00 OK
r-release-windows-x86_64 0.1.0 4.00 55.00 59.00 OK
r-oldrel-macos-arm64 0.1.0 22.00 NOTE
r-oldrel-macos-x86_64 0.1.0 31.00 NOTE
r-oldrel-windows-x86_64 0.1.0 4.00 59.00 63.00 NOTE

Check Details

Version: 0.1.0
Check: CRAN incoming feasibility
Result: NOTE Maintainer: ‘Maoran Xu <maoranxu@ufl.edu>’ No Authors@R field in DESCRIPTION. Please add one, modifying Authors@R: c(person(given = "Maoran", family = "Xu", role = c("aut", "cre"), email = "maoranxu@ufl.edu"), person(given = c("Leo", "L."), family = "Duan", role = "aut")) as necessary. The Description field contains regression, as introduced by Xu and Duan (2020) <arXiv:2006.01340>. Please refer to arXiv e-prints via their arXiv DOI <doi:10.48550/arXiv.YYMM.NNNNN>. Flavors: r-devel-linux-x86_64-debian-clang, r-devel-linux-x86_64-debian-gcc

Version: 0.1.0
Check: examples
Result: NOTE Examples with CPU (user + system) or elapsed time > 5s user system elapsed l1ball 5.274 0.03 6.818 Flavor: r-devel-linux-x86_64-debian-clang

Version: 0.1.0
Check: LazyData
Result: NOTE 'LazyData' is specified without a 'data' directory Flavors: r-oldrel-macos-arm64, r-oldrel-macos-x86_64, r-oldrel-windows-x86_64