Last updated on 2022-07-04 12:54:13 CEST.
Flavor | Version | Tinstall | Tcheck | Ttotal | Status | Flags |
---|---|---|---|---|---|---|
r-devel-linux-x86_64-debian-clang | 1.70 | 8.20 | 68.41 | 76.61 | NOTE | |
r-devel-linux-x86_64-debian-gcc | 1.70 | 5.01 | 53.10 | 58.11 | NOTE | |
r-devel-linux-x86_64-fedora-clang | 1.70 | 103.17 | NOTE | |||
r-devel-linux-x86_64-fedora-gcc | 1.70 | 103.64 | NOTE | |||
r-devel-windows-x86_64 | 1.70 | 42.00 | 122.00 | 164.00 | NOTE | |
r-patched-linux-x86_64 | 1.70 | 8.62 | 68.96 | 77.58 | OK | |
r-release-linux-x86_64 | 1.70 | 5.89 | 67.40 | 73.29 | OK | |
r-release-macos-arm64 | 1.70 | 34.00 | NOTE | |||
r-release-macos-x86_64 | 1.70 | 49.00 | NOTE | |||
r-release-windows-x86_64 | 1.70 | 52.00 | 128.00 | 180.00 | OK | |
r-oldrel-macos-arm64 | 1.70 | 40.00 | NOTE | |||
r-oldrel-macos-x86_64 | 1.70 | 65.00 | NOTE | |||
r-oldrel-windows-ix86+x86_64 | 1.70 | 14.00 | 97.00 | 111.00 | OK |
Version: 1.70
Check: Rd files
Result: NOTE
checkRd: (-1) alphaOnly.Rd:25: Escaped LaTeX specials: \^
checkRd: (-1) alphaOnly.Rd:26: Escaped LaTeX specials: \$
checkRd: (-1) escape.Rd:28: Escaped LaTeX specials: \$
checkRd: (-1) natlongsurv.Rd:28: Escaped LaTeX specials: \$
Flavors: r-devel-linux-x86_64-debian-clang, r-devel-linux-x86_64-debian-gcc, r-devel-linux-x86_64-fedora-clang, r-devel-linux-x86_64-fedora-gcc, r-devel-windows-x86_64
Version: 1.70
Check: dependencies in R code
Result: NOTE
Namespace in Imports field not imported from: ‘RUnit’
All declared Imports should be used.
Flavors: r-devel-linux-x86_64-fedora-clang, r-devel-linux-x86_64-fedora-gcc, r-release-macos-arm64, r-release-macos-x86_64, r-oldrel-macos-arm64, r-oldrel-macos-x86_64