CRAN Package Check Results for Package kntnr

Last updated on 2025-04-16 12:49:35 CEST.

Flavor Version Tinstall Tcheck Ttotal Status Flags
r-devel-linux-x86_64-debian-clang 0.4.4 4.11 38.33 42.44 OK
r-devel-linux-x86_64-debian-gcc 0.4.4 3.01 28.11 31.12 OK
r-devel-linux-x86_64-fedora-clang 0.4.4 68.09 OK
r-devel-linux-x86_64-fedora-gcc 0.4.4 63.33 OK
r-devel-windows-x86_64 0.4.4 5.00 58.00 63.00 OK
r-patched-linux-x86_64 0.4.4 4.32 37.32 41.64 OK
r-release-linux-x86_64 0.4.4 3.99 36.56 40.55 OK
r-release-macos-arm64 0.4.4 23.00 OK
r-release-macos-x86_64 0.4.4 40.00 OK
r-release-windows-x86_64 0.4.4 7.00 55.00 62.00 OK
r-oldrel-macos-arm64 0.4.4 25.00 NOTE
r-oldrel-macos-x86_64 0.4.4 34.00 NOTE
r-oldrel-windows-x86_64 0.4.4 7.00 63.00 70.00 NOTE

Check Details

Version: 0.4.4
Check: LazyData
Result: NOTE 'LazyData' is specified without a 'data' directory Flavors: r-oldrel-macos-arm64, r-oldrel-macos-x86_64, r-oldrel-windows-x86_64