CRAN Package Check Results for Package knockoff

Last updated on 2022-07-02 12:53:06 CEST.

Flavor Version Tinstall Tcheck Ttotal Status Flags
r-devel-linux-x86_64-debian-clang 0.3.5 4.11 113.46 117.57 OK --no-vignettes
r-devel-linux-x86_64-debian-gcc 0.3.5 3.16 85.20 88.36 OK --no-vignettes
r-devel-linux-x86_64-fedora-clang 0.3.5 146.21 WARN --no-vignettes
r-devel-linux-x86_64-fedora-gcc 0.3.5 148.01 WARN --no-vignettes
r-devel-windows-x86_64 0.3.5 27.00 211.00 238.00 OK --no-vignettes
r-patched-linux-x86_64 0.3.5 3.71 109.09 112.80 OK --no-vignettes
r-release-linux-x86_64 0.3.5 3.81 109.22 113.03 OK --no-vignettes
r-release-macos-arm64 0.3.5 672.00 OK
r-release-macos-x86_64 0.3.5 1039.00 OK
r-release-windows-x86_64 0.3.5 40.00 179.00 219.00 OK --no-vignettes
r-oldrel-macos-arm64 0.3.5 539.00 OK
r-oldrel-macos-x86_64 0.3.5 1030.00 OK
r-oldrel-windows-ix86+x86_64 0.3.5 8.00 190.00 198.00 OK --no-vignettes

Check Details

Version: 0.3.5
Flags: --no-vignettes
Check: package dependencies
Result: WARN
    Requires orphaned package: ‘gtools’
Flavors: r-devel-linux-x86_64-fedora-clang, r-devel-linux-x86_64-fedora-gcc