CRAN Package Check Results for Package knitrProgressBar

Last updated on 2023-02-02 11:54:06 CET.

Flavor Version Tinstall Tcheck Ttotal Status Flags
r-devel-linux-x86_64-debian-clang 1.1.0 5.36 32.35 37.71 NOTE
r-devel-linux-x86_64-debian-gcc 1.1.0 3.72 24.98 28.70 NOTE
r-devel-linux-x86_64-fedora-clang 1.1.0 48.89 NOTE
r-devel-linux-x86_64-fedora-gcc 1.1.0 59.56 NOTE
r-devel-windows-x86_64 1.1.0 34.00 71.00 105.00 NOTE
r-patched-linux-x86_64 1.1.0 4.78 31.43 36.21 NOTE
r-release-linux-x86_64 1.1.0 4.71 31.40 36.11 NOTE
r-release-macos-arm64 1.1.0 25.00 NOTE
r-release-macos-x86_64 1.1.0 34.00 NOTE
r-release-windows-x86_64 1.1.0 30.00 77.00 107.00 NOTE
r-oldrel-macos-arm64 1.1.0 30.00 NOTE
r-oldrel-macos-x86_64 1.1.0 38.00 NOTE
r-oldrel-windows-ix86+x86_64 1.1.0 9.00 73.00 82.00 NOTE

Check Details

Version: 1.1.0
Check: LazyData
Result: NOTE
     'LazyData' is specified without a 'data' directory
Flavors: r-devel-linux-x86_64-debian-clang, r-devel-linux-x86_64-debian-gcc, r-devel-linux-x86_64-fedora-clang, r-devel-linux-x86_64-fedora-gcc, r-devel-windows-x86_64, r-patched-linux-x86_64, r-release-linux-x86_64, r-release-macos-arm64, r-release-macos-x86_64, r-release-windows-x86_64, r-oldrel-macos-arm64, r-oldrel-macos-x86_64, r-oldrel-windows-ix86+x86_64

Version: 1.1.0
Check: for non-standard things in the check directory
Result: NOTE
    Found the following files/directories:
     ‘Killed after ’
Flavors: r-devel-linux-x86_64-debian-clang, r-devel-linux-x86_64-debian-gcc, r-devel-linux-x86_64-fedora-clang, r-devel-linux-x86_64-fedora-gcc, r-patched-linux-x86_64, r-release-linux-x86_64