CRAN Package Check Results for Package knitrProgressBar

Last updated on 2024-02-21 11:01:12 CET.

Flavor Version Tinstall Tcheck Ttotal Status Flags
r-devel-linux-x86_64-debian-clang 1.1.0 NOTE
r-devel-linux-x86_64-debian-gcc 1.1.0 3.73 25.51 29.24 NOTE
r-devel-linux-x86_64-fedora-clang 1.1.0 48.15 NOTE
r-devel-linux-x86_64-fedora-gcc 1.1.0 57.47 NOTE
r-devel-windows-x86_64 1.1.0 4.00 55.00 59.00 NOTE
r-patched-linux-x86_64 1.1.0 4.53 32.11 36.64 NOTE
r-release-linux-x86_64 1.1.0 5.14 31.79 36.93 NOTE
r-release-macos-arm64 1.1.0 33.00 NOTE
r-release-macos-x86_64 1.1.0 44.00 NOTE
r-release-windows-x86_64 1.1.0 5.00 55.00 60.00 NOTE
r-oldrel-macos-arm64 1.1.0 28.00 NOTE
r-oldrel-windows-x86_64 1.1.0 6.00 60.00 66.00 NOTE

Check Details

Version: 1.1.0
Check: LazyData
Result: NOTE 'LazyData' is specified without a 'data' directory Flavors: r-devel-linux-x86_64-debian-clang, r-devel-linux-x86_64-debian-gcc, r-devel-linux-x86_64-fedora-clang, r-devel-linux-x86_64-fedora-gcc, r-devel-windows-x86_64, r-patched-linux-x86_64, r-release-linux-x86_64, r-release-macos-arm64, r-release-macos-x86_64, r-release-windows-x86_64, r-oldrel-macos-arm64, r-oldrel-windows-x86_64

Version: 1.1.0
Check: for non-standard things in the check directory
Result: NOTE Found the following files/directories: ‘Killed after ’ Flavors: r-devel-linux-x86_64-debian-clang, r-devel-linux-x86_64-debian-gcc, r-devel-linux-x86_64-fedora-clang, r-devel-linux-x86_64-fedora-gcc, r-patched-linux-x86_64, r-release-linux-x86_64