CRAN Package Check Results for Package kmlShape

Last updated on 2022-07-05 11:49:56 CEST.

Flavor Version Tinstall Tcheck Ttotal Status Flags
r-devel-linux-x86_64-debian-clang 0.9.5 8.43 66.89 75.32 NOTE
r-devel-linux-x86_64-debian-gcc 0.9.5 8.50 52.51 61.01 NOTE
r-devel-linux-x86_64-fedora-clang 0.9.5 103.51 NOTE
r-devel-linux-x86_64-fedora-gcc 0.9.5 105.02 NOTE
r-devel-windows-x86_64 0.9.5 32.00 99.00 131.00 NOTE
r-patched-linux-x86_64 0.9.5 15.53 69.14 84.67 OK
r-release-linux-x86_64 0.9.5 10.63 68.77 79.40 OK
r-release-macos-arm64 0.9.5 46.00 OK
r-release-macos-x86_64 0.9.5 62.00 OK
r-release-windows-x86_64 0.9.5 44.00 100.00 144.00 OK
r-oldrel-macos-arm64 0.9.5 48.00 OK
r-oldrel-macos-x86_64 0.9.5 77.00 OK
r-oldrel-windows-ix86+x86_64 0.9.5 27.00 113.00 140.00 OK

Check Details

Version: 0.9.5
Check: Rd files
Result: NOTE
    checkRd: (-1) pathFrechet.Rd:54: Escaped LaTeX specials: \&
Flavors: r-devel-linux-x86_64-debian-clang, r-devel-linux-x86_64-debian-gcc, r-devel-linux-x86_64-fedora-clang, r-devel-linux-x86_64-fedora-gcc, r-devel-windows-x86_64

Version: 0.9.5
Check: compiled code
Result: NOTE
    File ‘kmlShape/libs/kmlShape.so’:
     Found no calls to: ‘R_registerRoutines’, ‘R_useDynamicSymbols’
    
    It is good practice to register native routines and to disable symbol
    search.
    
    See ‘Writing portable packages’ in the ‘Writing R Extensions’ manual.
Flavors: r-devel-linux-x86_64-fedora-clang, r-devel-linux-x86_64-fedora-gcc