Last updated on 2022-06-27 11:50:46 CEST.
Flavor | Version | Tinstall | Tcheck | Ttotal | Status | Flags |
---|---|---|---|---|---|---|
r-devel-linux-x86_64-debian-clang | 1.0.4 | 2.81 | 42.15 | 44.96 | NOTE | |
r-devel-linux-x86_64-debian-gcc | 1.0.4 | 2.70 | 32.45 | 35.15 | NOTE | |
r-devel-linux-x86_64-fedora-clang | 1.0.4 | 63.88 | NOTE | |||
r-devel-linux-x86_64-fedora-gcc | 1.0.4 | 62.56 | NOTE | |||
r-devel-windows-x86_64 | 1.0.4 | 15.00 | 83.00 | 98.00 | NOTE | |
r-patched-linux-x86_64 | 1.0.4 | 3.22 | 40.92 | 44.14 | NOTE | |
r-release-linux-x86_64 | 1.0.4 | 2.24 | 39.59 | 41.83 | NOTE | |
r-release-macos-arm64 | 1.0.4 | 24.00 | NOTE | |||
r-release-macos-x86_64 | 1.0.4 | 42.00 | NOTE | |||
r-release-windows-x86_64 | 1.0.4 | 15.00 | 82.00 | 97.00 | NOTE | |
r-oldrel-macos-arm64 | 1.0.4 | 21.00 | NOTE | |||
r-oldrel-macos-x86_64 | 1.0.4 | 29.00 | NOTE | |||
r-oldrel-windows-ix86+x86_64 | 1.0.4 | 11.00 | 49.00 | 60.00 | NOTE |
Version: 1.0.4
Check: LazyData
Result: NOTE
'LazyData' is specified without a 'data' directory
Flavors: r-devel-linux-x86_64-debian-clang, r-devel-linux-x86_64-debian-gcc, r-devel-linux-x86_64-fedora-clang, r-devel-linux-x86_64-fedora-gcc, r-devel-windows-x86_64, r-patched-linux-x86_64, r-release-linux-x86_64, r-release-macos-arm64, r-release-macos-x86_64, r-release-windows-x86_64, r-oldrel-macos-arm64, r-oldrel-macos-x86_64, r-oldrel-windows-ix86+x86_64