CRAN Package Check Results for Package kiwisR

Last updated on 2023-02-02 11:54:06 CET.

Flavor Version Tinstall Tcheck Ttotal Status Flags
r-devel-linux-x86_64-debian-clang 0.2.0 2.07 28.84 30.91 NOTE
r-devel-linux-x86_64-debian-gcc 0.2.0 1.97 24.34 26.31 NOTE
r-devel-linux-x86_64-fedora-clang 0.2.0 38.99 NOTE
r-devel-linux-x86_64-fedora-gcc 0.2.0 37.08 NOTE
r-devel-windows-x86_64 0.2.0 19.00 139.00 158.00 NOTE
r-patched-linux-x86_64 0.2.0 2.00 32.00 34.00 NOTE
r-release-linux-x86_64 0.2.0 2.50 29.21 31.71 NOTE
r-release-macos-arm64 0.2.0 120.00 NOTE
r-release-macos-x86_64 0.2.0 140.00 NOTE
r-release-windows-x86_64 0.2.0 12.00 139.00 151.00 NOTE
r-oldrel-macos-arm64 0.2.0 120.00 NOTE
r-oldrel-macos-x86_64 0.2.0 1803.00 NOTE
r-oldrel-windows-ix86+x86_64 0.2.0 6.00 125.00 131.00 NOTE

Check Details

Version: 0.2.0
Check: LazyData
Result: NOTE
     'LazyData' is specified without a 'data' directory
Flavors: r-devel-linux-x86_64-debian-clang, r-devel-linux-x86_64-debian-gcc, r-devel-linux-x86_64-fedora-clang, r-devel-linux-x86_64-fedora-gcc, r-devel-windows-x86_64, r-patched-linux-x86_64, r-release-linux-x86_64, r-release-macos-arm64, r-release-macos-x86_64, r-release-windows-x86_64, r-oldrel-macos-arm64, r-oldrel-macos-x86_64, r-oldrel-windows-ix86+x86_64