Last updated on 2025-02-21 10:51:41 CET.
Flavor | Version | Tinstall | Tcheck | Ttotal | Status | Flags |
---|---|---|---|---|---|---|
r-devel-linux-x86_64-debian-clang | 0.0.2 | 3.01 | 29.44 | 32.45 | NOTE | |
r-devel-linux-x86_64-debian-gcc | 0.0.2 | 2.66 | 21.80 | 24.46 | NOTE | |
r-devel-linux-x86_64-fedora-clang | 0.0.2 | 51.80 | NOTE | |||
r-devel-linux-x86_64-fedora-gcc | 0.0.2 | 47.08 | NOTE | |||
r-devel-macos-arm64 | 0.0.2 | 20.00 | OK | |||
r-devel-macos-x86_64 | 0.0.2 | 33.00 | NOTE | |||
r-devel-windows-x86_64 | 0.0.2 | 5.00 | 53.00 | 58.00 | NOTE | |
r-patched-linux-x86_64 | 0.0.2 | 3.29 | 27.60 | 30.89 | OK | |
r-release-linux-x86_64 | 0.0.2 | 3.48 | 27.38 | 30.86 | OK | |
r-release-macos-arm64 | 0.0.2 | 21.00 | OK | |||
r-release-macos-x86_64 | 0.0.2 | 29.00 | OK | |||
r-release-windows-x86_64 | 0.0.2 | 6.00 | 51.00 | 57.00 | OK | |
r-oldrel-macos-arm64 | 0.0.2 | 26.00 | OK | |||
r-oldrel-macos-x86_64 | 0.0.2 | 41.00 | OK | |||
r-oldrel-windows-x86_64 | 0.0.2 | 6.00 | 57.00 | 63.00 | OK |
Version: 0.0.2
Check: DESCRIPTION meta-information
Result: NOTE
Missing dependency on R >= 4.1.0 because package code uses the pipe
|> or function shorthand \(...) syntax added in R 4.1.0.
File(s) using such syntax:
‘balance.R’ ‘data.R’ ‘order.R’ ‘revise.R’ ‘utils.R’
Flavors: r-devel-linux-x86_64-debian-clang, r-devel-linux-x86_64-debian-gcc, r-devel-linux-x86_64-fedora-clang, r-devel-linux-x86_64-fedora-gcc, r-devel-macos-x86_64, r-devel-windows-x86_64