Last updated on 2024-04-18 12:52:48 CEST.
Flavor | Version | Tinstall | Tcheck | Ttotal | Status | Flags |
---|---|---|---|---|---|---|
r-devel-linux-x86_64-debian-clang | 1.3.5 | 2.46 | 43.22 | 45.68 | NOTE | |
r-devel-linux-x86_64-debian-gcc | 1.3.5 | 2.67 | 32.45 | 35.12 | NOTE | |
r-devel-linux-x86_64-fedora-clang | 1.3.5 | 58.04 | NOTE | |||
r-devel-linux-x86_64-fedora-gcc | 1.3.5 | 55.34 | NOTE | |||
r-prerel-macos-arm64 | 1.3.5 | 23.00 | NOTE | |||
r-prerel-windows-x86_64 | 1.3.5 | 5.00 | 55.00 | 60.00 | NOTE | |
r-patched-linux-x86_64 | 1.3.5 | 2.69 | 42.76 | 45.45 | NOTE | |
r-release-linux-x86_64 | 1.3.5 | 3.63 | 41.71 | 45.34 | NOTE | |
r-release-macos-arm64 | 1.3.5 | 24.00 | NOTE | |||
r-release-macos-x86_64 | 1.3.5 | 36.00 | NOTE | |||
r-release-windows-x86_64 | 1.3.5 | 5.00 | 60.00 | 65.00 | NOTE | |
r-oldrel-macos-arm64 | 1.3.5 | 22.00 | NOTE | |||
r-oldrel-windows-x86_64 | 1.3.5 | 5.00 | 66.00 | 71.00 | NOTE |
Version: 1.3.5
Check: LazyData
Result: NOTE
'LazyData' is specified without a 'data' directory
Flavors: r-devel-linux-x86_64-debian-clang, r-devel-linux-x86_64-debian-gcc, r-devel-linux-x86_64-fedora-clang, r-devel-linux-x86_64-fedora-gcc, r-prerel-macos-arm64, r-prerel-windows-x86_64, r-patched-linux-x86_64, r-release-linux-x86_64, r-release-macos-arm64, r-release-macos-x86_64, r-release-windows-x86_64, r-oldrel-macos-arm64, r-oldrel-windows-x86_64