Last updated on 2024-05-01 12:14:26 CEST.
Flavor | Version | Tinstall | Tcheck | Ttotal | Status | Flags |
---|---|---|---|---|---|---|
r-devel-linux-x86_64-debian-clang | 1.0.0 | 7.76 | 265.02 | 272.78 | NOTE | |
r-devel-linux-x86_64-debian-gcc | 1.0.0 | 6.83 | 196.65 | 203.48 | NOTE | |
r-devel-linux-x86_64-fedora-clang | 1.0.0 | 336.00 | NOTE | |||
r-devel-linux-x86_64-fedora-gcc | 1.0.0 | 344.80 | NOTE | |||
r-devel-windows-x86_64 | 1.0.0 | 9.00 | 239.00 | 248.00 | NOTE | |
r-patched-linux-x86_64 | 1.0.0 | 7.49 | 263.91 | 271.40 | NOTE | |
r-release-linux-x86_64 | 1.0.0 | 8.47 | 265.19 | 273.66 | NOTE | |
r-release-macos-arm64 | 1.0.0 | 77.00 | NOTE | |||
r-release-windows-x86_64 | 1.0.0 | 8.00 | 233.00 | 241.00 | NOTE | |
r-oldrel-macos-arm64 | 1.0.0 | 86.00 | OK | |||
r-oldrel-macos-x86_64 | 1.0.0 | 144.00 | OK | |||
r-oldrel-windows-x86_64 | 1.0.0 | 11.00 | 229.00 | 240.00 | OK |
Version: 1.0.0
Check: Rd files
Result: NOTE
checkRd: (-1) kfino_plot.Rd:52: Lost braces; missing escapes or markup?
52 | plus the OK values. Prediction corresponds to E[X_{t} | Y_{1...t}]
| ^
checkRd: (-1) kfino_plot.Rd:52: Lost braces; missing escapes or markup?
52 | plus the OK values. Prediction corresponds to E[X_{t} | Y_{1...t}]
| ^
Flavors: r-devel-linux-x86_64-debian-clang, r-devel-linux-x86_64-debian-gcc, r-devel-linux-x86_64-fedora-clang, r-devel-linux-x86_64-fedora-gcc, r-devel-windows-x86_64, r-patched-linux-x86_64, r-release-linux-x86_64, r-release-macos-arm64, r-release-windows-x86_64