CRAN Package Check Results for Package keyholder

Last updated on 2024-07-20 11:49:11 CEST.

Flavor Version Tinstall Tcheck Ttotal Status Flags
r-devel-linux-x86_64-debian-clang 0.1.7 4.85 66.60 71.45 OK
r-devel-linux-x86_64-debian-gcc 0.1.7 3.79 49.76 53.55 OK
r-devel-linux-x86_64-fedora-clang 0.1.7 93.00 OK
r-devel-linux-x86_64-fedora-gcc 0.1.7 97.36 OK
r-devel-windows-x86_64 0.1.7 8.00 72.00 80.00 NOTE
r-patched-linux-x86_64 0.1.7 11.47 65.21 76.68 OK
r-release-linux-x86_64 0.1.7 3.97 64.86 68.83 OK
r-release-macos-arm64 0.1.7 34.00 OK
r-release-macos-x86_64 0.1.7 53.00 OK
r-release-windows-x86_64 0.1.7 5.00 69.00 74.00 OK
r-oldrel-macos-arm64 0.1.7 36.00 OK
r-oldrel-macos-x86_64 0.1.7 56.00 OK
r-oldrel-windows-x86_64 0.1.7 7.00 80.00 87.00 OK

Check Details

Version: 0.1.7
Check: Rd cross-references
Result: NOTE Found the following Rd file(s) with Rd \link{} targets missing package anchors: keyed-df-one-tbl.Rd: dplyr keyed-df-two-tbl.Rd: dplyr Please provide package anchors for all Rd \link{} targets not in the package itself and the base packages. Flavor: r-devel-windows-x86_64