CRAN Package Check Results for Package kernelPhil

Last updated on 2022-07-01 11:52:03 CEST.

Flavor Version Tinstall Tcheck Ttotal Status Flags
r-devel-linux-x86_64-debian-clang 0.1 7.38 72.48 79.86 NOTE
r-devel-linux-x86_64-debian-gcc 0.1 5.80 53.87 59.67 NOTE
r-devel-linux-x86_64-fedora-clang 0.1 105.33 NOTE
r-devel-linux-x86_64-fedora-gcc 0.1 99.92 NOTE
r-devel-windows-x86_64 0.1 29.00 98.00 127.00 NOTE
r-patched-linux-x86_64 0.1 4.40 68.56 72.96 NOTE
r-release-linux-x86_64 0.1 4.43 67.87 72.30 NOTE
r-release-macos-arm64 0.1 31.00 NOTE
r-release-macos-x86_64 0.1 51.00 NOTE
r-release-windows-x86_64 0.1 26.00 96.00 122.00 NOTE
r-oldrel-macos-arm64 0.1 35.00 NOTE
r-oldrel-macos-x86_64 0.1 56.00 NOTE
r-oldrel-windows-ix86+x86_64 0.1 16.00 89.00 105.00 NOTE

Check Details

Version: 0.1
Check: LazyData
Result: NOTE
     'LazyData' is specified without a 'data' directory
Flavors: r-devel-linux-x86_64-debian-clang, r-devel-linux-x86_64-debian-gcc, r-devel-linux-x86_64-fedora-clang, r-devel-linux-x86_64-fedora-gcc, r-devel-windows-x86_64, r-patched-linux-x86_64, r-release-linux-x86_64, r-release-macos-arm64, r-release-macos-x86_64, r-release-windows-x86_64, r-oldrel-macos-arm64, r-oldrel-macos-x86_64, r-oldrel-windows-ix86+x86_64