CRAN Package Check Results for Package kernelFactory

Last updated on 2024-04-20 11:50:17 CEST.

Flavor Version Tinstall Tcheck Ttotal Status Flags
r-devel-linux-x86_64-debian-clang 0.3.0 5.33 50.20 55.53 NOTE
r-devel-linux-x86_64-debian-gcc 0.3.0 3.98 37.38 41.36 NOTE
r-devel-linux-x86_64-fedora-clang 0.3.0 69.00 NOTE
r-devel-linux-x86_64-fedora-gcc 0.3.0 65.89 NOTE
r-prerel-macos-arm64 0.3.0 23.00 NOTE
r-prerel-windows-x86_64 0.3.0 5.00 54.00 59.00 NOTE
r-patched-linux-x86_64 0.3.0 5.59 48.72 54.31 NOTE
r-release-linux-x86_64 0.3.0 5.92 48.50 54.42 OK
r-release-macos-arm64 0.3.0 25.00 OK
r-release-macos-x86_64 0.3.0 37.00 OK
r-release-windows-x86_64 0.3.0 5.00 61.00 66.00 OK
r-oldrel-macos-arm64 0.3.0 22.00 OK
r-oldrel-windows-x86_64 0.3.0 7.00 66.00 73.00 OK

Check Details

Version: 0.3.0
Check: Rd files
Result: NOTE checkRd: (-1) kernelFactory.Rd:21: Lost braces; missing escapes or markup? 21 | \item{method}{Can be one of the following: POLynomial kernel function (\code{pol}), LINear kernel function (\code{lin}), Radial Basis kernel Function \code{rbf}), random choice (random={pol, lin, rbf}) (\code{random}), burn- in choice of best function (burn={pol, lin, rbf }) (\code{burn}). Use \code{random} or \code{burn} if you don't know in advance which kernel function is best.} | ^ checkRd: (-1) kernelFactory.Rd:21: Lost braces; missing escapes or markup? 21 | \item{method}{Can be one of the following: POLynomial kernel function (\code{pol}), LINear kernel function (\code{lin}), Radial Basis kernel Function \code{rbf}), random choice (random={pol, lin, rbf}) (\code{random}), burn- in choice of best function (burn={pol, lin, rbf }) (\code{burn}). Use \code{random} or \code{burn} if you don't know in advance which kernel function is best.} | ^ Flavors: r-devel-linux-x86_64-debian-clang, r-devel-linux-x86_64-debian-gcc, r-devel-linux-x86_64-fedora-clang, r-devel-linux-x86_64-fedora-gcc, r-prerel-macos-arm64, r-prerel-windows-x86_64, r-patched-linux-x86_64